000
CDUS42 KFFC 060819
CLIMCN


CLIMATE REPORT
NATIONAL WEATHER SERVICE PEACHTREE CITY GA
419 AM EDT WED MAY 6 2015


...................................

...THE MACON CLIMATE SUMMARY FOR MAY 5 2015...

CLIMATE NORMAL PERIOD 1981 TO 2010
CLIMATE RECORD PERIOD 1899 TO 2015


WEATHER ITEM   OBSERVED TIME   RECORD YEAR NORMAL DEPARTURE LAST
                VALUE   (LST)  VALUE       VALUE  FROM      YEAR
                                                  NORMAL
..................................................................
TEMPERATURE (F)
 YESTERDAY
  MAXIMUM         82    315 PM  95    1950  82      0       91
  MINIMUM         52    543 AM  40    1997  56     -4       52
  AVERAGE         67                        69     -2       72

PRECIPITATION (IN)
  YESTERDAY        0.00          1.70 1938   0.08  -0.08     0.00
  MONTH TO DATE    0.00                      0.39  -0.39     0.02
  SINCE MAR 1      8.55                      7.90   0.65    11.41
  SINCE JAN 1     15.35                     16.50  -1.15    19.24

DEGREE DAYS
 HEATING
  YESTERDAY        0                         1     -1        0
  MONTH TO DATE    6                         5      1        7
  SINCE MAR 1    258                       387   -129      482
  SINCE JUL 1   2471                      2312    159     2615

 COOLING
  YESTERDAY        2                         5     -3        7
  MONTH TO DATE    4                        21    -17       10
  SINCE MAR 1    128                       102     26       62
  SINCE JAN 1    128                       105     23       63
..................................................................


WIND (MPH)
  RESULTANT WIND SPEED   5   RESULTANT WIND DIRECTION   E (100)
  HIGHEST WIND SPEED    17   HIGHEST WIND DIRECTION     E (90)
  HIGHEST GUST SPEED    22   HIGHEST GUST DIRECTION    NE (60)
  AVERAGE WIND SPEED     4.8


SKY COVER
  AVERAGE SKY COVER 0.1


WEATHER CONDITIONS
 THE FOLLOWING WEATHER WAS RECORDED YESTERDAY.
  FOG


RELATIVE HUMIDITY (PERCENT)
 HIGHEST    93           400 AM
 LOWEST     36           200 PM
 AVERAGE    65

..........................................................


THE MACON CLIMATE NORMALS FOR TODAY
                         NORMAL    RECORD    YEAR
 MAXIMUM TEMPERATURE (F)   82        96      1952
 MINIMUM TEMPERATURE (F)   56        40      1968


SUNRISE AND SUNSET
MAY  6 2015...........SUNRISE   643 AM EDT   SUNSET   820 PM EDT
MAY  7 2015...........SUNRISE   642 AM EDT   SUNSET   820 PM EDT


-  INDICATES NEGATIVE NUMBERS.
R  INDICATES RECORD WAS SET OR TIED.
MM INDICATES DATA IS MISSING.
T  INDICATES TRACE AMOUNT.




$$
