000
CDUS43 KLOT 270633
CLIMDW


CLIMATE REPORT
NATIONAL WEATHER SERVICE CHICAGO IL
133 AM CDT MON APR 27 2015


...................................

...THE CHICAGO-MIDWAY CLIMATE SUMMARY FOR APRIL 26 2015...

CLIMATE NORMAL PERIOD 1981 TO 2010
CLIMATE RECORD PERIOD 1928 TO 2015


WEATHER ITEM   OBSERVED TIME   RECORD YEAR NORMAL DEPARTURE LAST
                VALUE   (LST)  VALUE       VALUE  FROM      YEAR
                                                  NORMAL
..................................................................
TEMPERATURE (F)
 YESTERDAY
  MAXIMUM         57    327 PM  91    1986  64     -7       60
  MINIMUM         39    115 AM  29    1930  45     -6       40
                                      1928
  AVERAGE         48                        55     -7       50

PRECIPITATION (IN)
  YESTERDAY        0.00          0.84 1979   0.13  -0.13     0.01
  MONTH TO DATE    2.94                      3.13  -0.19     2.51
  SINCE MAR 1      3.42                      5.85  -2.43     3.60
  SINCE JAN 1      4.76                      9.85  -5.09     6.09

DEGREE DAYS
 HEATING
  YESTERDAY       17                        11      6       15
  MONTH TO DATE  309                       408    -99      401
  SINCE MAR 1   1135                      1220    -85     1398
  SINCE JUL 1   5857                      5731    126     6600

 COOLING
  YESTERDAY        0                         1     -1        0
  MONTH TO DATE    0                         8     -8        5
  SINCE MAR 1      0                         9     -9        5
  SINCE JAN 1      0                         9     -9        5
..................................................................


WIND (MPH)
  RESULTANT WIND SPEED  12   RESULTANT WIND DIRECTION   N (20)
  HIGHEST WIND SPEED    24   HIGHEST WIND DIRECTION    NE (30)
  HIGHEST GUST SPEED    29   HIGHEST GUST DIRECTION    NE (30)
  AVERAGE WIND SPEED    12.3



WEATHER CONDITIONS
 THE FOLLOWING WEATHER WAS RECORDED YESTERDAY.
  NO SIGNIFICANT WEATHER WAS OBSERVED.


..........................................................


THE CHICAGO-MIDWAY CLIMATE NORMALS FOR TODAY
                         NORMAL    RECORD    YEAR
 MAXIMUM TEMPERATURE (F)   64        89      1986
 MINIMUM TEMPERATURE (F)   46        28      1928


SUNRISE AND SUNSET
APRIL 27 2015.........SUNRISE   553 AM CDT   SUNSET   745 PM CDT
APRIL 28 2015.........SUNRISE   552 AM CDT   SUNSET   746 PM CDT


-  INDICATES NEGATIVE NUMBERS.
R  INDICATES RECORD WAS SET OR TIED.
MM INDICATES DATA IS MISSING.
T  INDICATES TRACE AMOUNT.




$$
