000
CDUS44 KMEG 012159
CLIMEM


CLIMATE REPORT
NATIONAL WEATHER SERVICE MEMPHIS TN
459 PM CDT WED APR 1 2015


...................................

...THE MEMPHIS CLIMATE SUMMARY FOR APRIL 1 2015...
VALID TODAY AS OF 0400 PM LOCAL TIME.

CLIMATE NORMAL PERIOD 1981 TO 2010
CLIMATE RECORD PERIOD 1872 TO 2015


WEATHER ITEM   OBSERVED TIME   RECORD YEAR NORMAL DEPARTURE LAST
                VALUE   (LST)  VALUE       VALUE  FROM      YEAR
                                                  NORMAL
..................................................................
TEMPERATURE (F)
 TODAY
  MAXIMUM         81    302 PM  86    2012  69     12       78
                                      1946
                                      1888
  MINIMUM         59    617 AM  27    1881  49     10       56
  AVERAGE         70                        59     11       67

PRECIPITATION (IN)
  TODAY            T             3.27 1979   0.18  -0.18     0.00
  MONTH TO DATE    T                         0.18  -0.18     0.00
  SINCE MAR 1      5.48                      5.34   0.14     7.38
  SINCE JAN 1     11.13                     13.71  -2.58    15.50

SNOWFALL (IN)
  TODAY            0.0

DEGREE DAYS
 HEATING
  TODAY            0                         8     -8        0
  MONTH TO DATE    0                         8     -8        0
  SINCE MAR 1    378                       366     12      475
  SINCE JUL 1   3101                      2816    285     3301

 COOLING
  TODAY            5                         1      4        2
  MONTH TO DATE    5                         1      4        2
  SINCE MAR 1     11                        18     -7        4
  SINCE JAN 1     11                        21    -10        4
..................................................................


WIND (MPH)
  HIGHEST WIND SPEED    16   HIGHEST WIND DIRECTION     S (200)
  HIGHEST GUST SPEED    23   HIGHEST GUST DIRECTION    SW (240)
  AVERAGE WIND SPEED     7.5


SKY COVER
  POSSIBLE SUNSHINE  MM
  AVERAGE SKY COVER 0.7


WEATHER CONDITIONS
 THE FOLLOWING WEATHER WAS RECORDED TODAY.
  LIGHT RAIN
  FOG


RELATIVE HUMIDITY (PERCENT)
 HIGHEST    93           600 AM
 LOWEST     54           200 PM
 AVERAGE    74

..........................................................


THE MEMPHIS CLIMATE NORMALS FOR TOMORROW
                         NORMAL    RECORD    YEAR
 MAXIMUM TEMPERATURE (F)   69        87      1918
 MINIMUM TEMPERATURE (F)   49        27      1881


SUNRISE AND SUNSET
APRIL  1 2015.........SUNRISE   647 AM CDT   SUNSET   721 PM CDT
APRIL  2 2015.........SUNRISE   646 AM CDT   SUNSET   722 PM CDT


-  INDICATES NEGATIVE NUMBERS.
R  INDICATES RECORD WAS SET OR TIED.
MM INDICATES DATA IS MISSING.
T  INDICATES TRACE AMOUNT.




$$
