000
CDUS44 KMEG 250633
CLIMEM


CLIMATE REPORT
NATIONAL WEATHER SERVICE MEMPHIS TN
132 AM CDT SAT APR 25 2015


...................................

...THE MEMPHIS CLIMATE SUMMARY FOR APRIL 24 2015...

CLIMATE NORMAL PERIOD 1981 TO 2010
CLIMATE RECORD PERIOD 1872 TO 2015


WEATHER ITEM   OBSERVED TIME   RECORD YEAR NORMAL DEPARTURE LAST
                VALUE   (LST)  VALUE       VALUE  FROM      YEAR
                                                  NORMAL
..................................................................
TEMPERATURE (F)
 YESTERDAY
  MAXIMUM         67   1218 PM  88    1990  75     -8       83
                                      1989
                                      1965
  MINIMUM         55    201 AM  32    1910  56     -1       54
  AVERAGE         61                        66     -5       69

PRECIPITATION (IN)
  YESTERDAY        1.21          2.94 2010   0.19   1.02     0.97
  MONTH TO DATE    2.95                      4.39  -1.44     3.53
  SINCE MAR 1      8.43                      9.55  -1.12    10.91
  SINCE JAN 1     14.08                     17.92  -3.84    19.03

SNOWFALL (IN)
  YESTERDAY        0.0          MM      MM   0.0    0.0      0.0
  MONTH TO DATE    0.0                       0.0    0.0      0.0
  SINCE MAR 1      3.6                       0.4    3.2      0.5
  SINCE JUL 1      6.1                       3.8    2.3      0.8
  SNOW DEPTH       0

DEGREE DAYS
 HEATING
  YESTERDAY        4                         3      1        0
  MONTH TO DATE   53                       124    -71      120
  SINCE MAR 1    431                       482    -51      595
  SINCE JUL 1   3154                      2932    222     3421

 COOLING
  YESTERDAY        0                         3     -3        4
  MONTH TO DATE   78                        54     24       44
  SINCE MAR 1     84                        71     13       46
  SINCE JAN 1     84                        74     10       46
..................................................................


WIND (MPH)
  HIGHEST WIND SPEED    18   HIGHEST WIND DIRECTION     S (160)
  HIGHEST GUST SPEED    24   HIGHEST GUST DIRECTION    SE (150)
  AVERAGE WIND SPEED     8.1


SKY COVER
  POSSIBLE SUNSHINE  MM
  AVERAGE SKY COVER 0.9


WEATHER CONDITIONS
 THE FOLLOWING WEATHER WAS RECORDED YESTERDAY.
  THUNDERSTORM
  HEAVY RAIN
  RAIN
  LIGHT RAIN
  FOG


RELATIVE HUMIDITY (PERCENT)
 HIGHEST    93           800 PM
 LOWEST     34          1000 AM
 AVERAGE    64

..........................................................


THE MEMPHIS CLIMATE NORMALS FOR TODAY
                         NORMAL    RECORD    YEAR
 MAXIMUM TEMPERATURE (F)   76        87      1915
 MINIMUM TEMPERATURE (F)   56        32      1910


SUNRISE AND SUNSET
APRIL 25 2015.........SUNRISE   616 AM CDT   SUNSET   740 PM CDT
APRIL 26 2015.........SUNRISE   615 AM CDT   SUNSET   741 PM CDT


-  INDICATES NEGATIVE NUMBERS.
R  INDICATES RECORD WAS SET OR TIED.
MM INDICATES DATA IS MISSING.
T  INDICATES TRACE AMOUNT.




$$
