000
CDUS44 KBRO 260625
CLIMFE


CLIMATE REPORT
NATIONAL WEATHER SERVICE BROWNSVILLE TX
125 AM CDT SUN APR 26 2015


...................................

...THE MCALLEN CLIMATE SUMMARY FOR APRIL 25 2015...

CLIMATE NORMAL PERIOD 1981 TO 2010
CLIMATE RECORD PERIOD 1941 TO 2015


WEATHER ITEM   OBSERVED TIME   RECORD YEAR NORMAL DEPARTURE LAST
                VALUE   (LST)  VALUE       VALUE  FROM      YEAR
                                                  NORMAL
..................................................................
TEMPERATURE (F)
 YESTERDAY
  MAXIMUM         93    324 PM  99    1961  88      5       90
  MINIMUM         75   1207 AM  54    1944  68      7       72
                                      1982
                                      1995
  AVERAGE         84                        78      6

PRECIPITATION (IN)
  YESTERDAY        T             3.24 1992   0.06  -0.06     0.00
  MONTH TO DATE    4.59                      1.04   3.55     0.03
  SINCE MAR 1      5.98                      2.07   3.91     1.20
  SINCE JAN 1      6.57                      4.23   2.34     2.08

SNOWFALL (IN)
  YESTERDAY        0.0
  MONTH TO DATE    0.0
  SINCE MAR 1      0.0
  SINCE JUL 1      0.0

DEGREE DAYS
 HEATING
  YESTERDAY        0                         0      0        0
  MONTH TO DATE    0                         3     -3        9
  SINCE MAR 1     66                        41     25      107
  SINCE JUL 1    756                       574    182      883

 COOLING
  YESTERDAY       19                        13      6       16
  MONTH TO DATE  371                       286     85      251
  SINCE MAR 1    537                       504     33      387
  SINCE JAN 1    622                       663    -41      515
..................................................................


WIND (MPH)
  HIGHEST WIND SPEED    22   HIGHEST WIND DIRECTION    SE (130)
  HIGHEST GUST SPEED    26   HIGHEST GUST DIRECTION    SE (130)
  AVERAGE WIND SPEED     8.2



WEATHER CONDITIONS
 THE FOLLOWING WEATHER WAS RECORDED YESTERDAY.
  FOG
  HAZE


RELATIVE HUMIDITY (PERCENT)
 HIGHEST    91
 LOWEST     56
 AVERAGE    74

..........................................................


THE MCALLEN CLIMATE NORMALS FOR TODAY
                         NORMAL    RECORD    YEAR
 MAXIMUM TEMPERATURE (F)   88        98      1999
 MINIMUM TEMPERATURE (F)   68        54      1948
                                             1952


SUNRISE AND SUNSET
APRIL 26 2015.........SUNRISE   700 AM CDT   SUNSET   802 PM CDT
APRIL 27 2015.........SUNRISE   659 AM CDT   SUNSET   803 PM CDT


-  INDICATES NEGATIVE NUMBERS.
R  INDICATES RECORD WAS SET OR TIED.
MM INDICATES DATA IS MISSING.
T  INDICATES TRACE AMOUNT.




$$
