000
CDUS46 KMFR 051837
CLIMFR

CLIMATE REPORT
NATIONAL WEATHER SERVICE MEDFORD, OR
1140 AM PDT TUE MAY 5 2015


...................................

...THE MEDFORD OR CLIMATE SUMMARY FOR MAY 4 2015...

CLIMATE NORMAL PERIOD 1981 TO 2010
CLIMATE RECORD PERIOD 1911 TO 2015


WEATHER ITEM   OBSERVED TIME   RECORD YEAR NORMAL DEPARTURE LAST
                VALUE   (LST)  VALUE       VALUE  FROM      YEAR
                                                  NORMAL
..................................................................
TEMPERATURE (F)
 YESTERDAY
  MAXIMUM         80    240 PM  98    1992  70     10       62
  MINIMUM         46    530 AM  28    1996  44      2       49
  AVERAGE         63                        57      6       56

PRECIPITATION (IN)
  YESTERDAY        0.00          0.80 1956   0.04  -0.04     0.05
  MONTH TO DATE    0.00                      0.17  -0.17     0.05
  SINCE OCT 1     13.35                     15.34  -1.99    11.38
  SINCE JAN 1      6.50                      7.70  -1.20     9.70

SNOWFALL (IN)
  YESTERDAY        0.0                       0.0    0.0      0.0
  MONTH TO DATE    0.0                       0.0    0.0      0.0
  SINCE JUL 1      T                         4.1   -4.1      3.4
  SNOW DEPTH       0

DEGREE DAYS
 HEATING
  YESTERDAY        2                         9     -7        9
  MONTH TO DATE    4                        36    -32       13
  SINCE MAR 1    693                       921   -228      693
  SINCE JUL 1   3133                      4035   -902     4063

 COOLING
  YESTERDAY        0                         1     -1        0
  MONTH TO DATE    1                         3     -2        5
  SINCE MAR 1      1                         6     -5        9
  SINCE JAN 1      1                         6     -5        9
..................................................................


WIND (MPH)
  HIGHEST WIND SPEED    18   HIGHEST WIND DIRECTION    NE (30)
  HIGHEST GUST SPEED    24   HIGHEST GUST DIRECTION     N (360)
  AVERAGE WIND SPEED     5.8


SKY COVER
  POSSIBLE SUNSHINE  MM
  AVERAGE SKY COVER 0.0


WEATHER CONDITIONS
 THE FOLLOWING WEATHER WAS RECORDED YESTERDAY.
  NO SIGNIFICANT WEATHER WAS OBSERVED.


RELATIVE HUMIDITY (PERCENT)
 HIGHEST    76           500 AM
 LOWEST     21           100 PM
 AVERAGE    49

..........................................................


THE MEDFORD OR CLIMATE NORMALS FOR TODAY
                         NORMAL    RECORD    YEAR
 MAXIMUM TEMPERATURE (F)   70        97      1992
 MINIMUM TEMPERATURE (F)   44        28      1924


SUNRISE AND SUNSET
MAY  5 2015...........SUNRISE   602 AM PDT   SUNSET   815 PM PDT
MAY  6 2015...........SUNRISE   600 AM PDT   SUNSET   816 PM PDT


-  INDICATES NEGATIVE NUMBERS.
R  INDICATES RECORD WAS SET OR TIED.
MM INDICATES DATA IS MISSING.
T  INDICATES TRACE AMOUNT.

&&

LOW TEMPERATURE THIS MORNING....50
24-HOUR PRECIPITATION.........NONE

$$
