000
CDUS43 KMKX 050641
CLIMKE


CLIMATE REPORT
NATIONAL WEATHER SERVICE IN MILWAUKEE
140 AM CDT TUE MAY 5 2015


...................................

...THE MILWAUKEE WI CLIMATE SUMMARY FOR MAY 4 2015...

CLIMATE NORMAL PERIOD 1981 TO 2010
CLIMATE RECORD PERIOD 1871 TO 2015


WEATHER ITEM   OBSERVED TIME   RECORD YEAR NORMAL DEPARTURE LAST
                VALUE   (LST)  VALUE       VALUE  FROM      YEAR
                                                  NORMAL
..................................................................
TEMPERATURE (F)
 YESTERDAY
  MAXIMUM         68   1106 AM  89    1952  61      7       55
  MINIMUM         50   1027 PM  30    1954  43      7       41
  AVERAGE         59                        52      7       48

PRECIPITATION (IN)
  YESTERDAY        0.00          1.46 1990   0.11  -0.11     0.00
  MONTH TO DATE    T                         0.43  -0.43     0.03
  SINCE MAR 1      6.05                      6.26  -0.21     5.41
  SINCE JAN 1      7.77                      9.67  -1.90     8.15

SNOWFALL (IN)
  YESTERDAY        0.0           T    1967   0.0    0.0      0.0
  MONTH TO DATE    0.0                       0.0    0.0      0.0
  SINCE MAR 1      4.9                       9.0   -4.1      6.6
  SINCE JUL 1     43.0                      46.8   -3.8     63.4
  SNOW DEPTH       0

DEGREE DAYS
 HEATING
  YESTERDAY        6                        13     -7       17
  MONTH TO DATE   22                        55    -33       62
  SINCE MAR 1   1521                      1572    -51     1796
  SINCE JUL 1   6853                      6552    301     7452

 COOLING
  YESTERDAY        0                         0      0        0
  MONTH TO DATE    4                         0      4        0
  SINCE MAR 1      4                         5     -1        0
  SINCE JAN 1      4                         5     -1        0
..................................................................


WIND (MPH)
  HIGHEST WIND SPEED    21   HIGHEST WIND DIRECTION    NW (300)
  HIGHEST GUST SPEED    27   HIGHEST GUST DIRECTION    NW (300)
  AVERAGE WIND SPEED     7.9


SKY COVER
  POSSIBLE SUNSHINE  MM
  AVERAGE SKY COVER 0.8


WEATHER CONDITIONS
 THE FOLLOWING WEATHER WAS RECORDED YESTERDAY.
  NO SIGNIFICANT WEATHER WAS OBSERVED.


RELATIVE HUMIDITY (PERCENT)
 HIGHEST    84           600 AM
 LOWEST     47           400 PM
 AVERAGE    66

..........................................................


THE MILWAUKEE WI CLIMATE NORMALS FOR TODAY
                         NORMAL    RECORD    YEAR
 MAXIMUM TEMPERATURE (F)   61        89      1949
 MINIMUM TEMPERATURE (F)   43        30      1973


SUNRISE AND SUNSET
MAY  5 2015...........SUNRISE   541 AM CDT   SUNSET   757 PM CDT
MAY  6 2015...........SUNRISE   539 AM CDT   SUNSET   758 PM CDT


-  INDICATES NEGATIVE NUMBERS.
R  INDICATES RECORD WAS SET OR TIED.
MM INDICATES DATA IS MISSING.
T  INDICATES TRACE AMOUNT.




$$
