000
CDUS42 KMLB 272030
CLIMLB


CLIMATE REPORT
NATIONAL WEATHER SERVICE MELBOURNE FL
429 PM EDT MON APR 27 2015


...................................

...THE MELBOURNE CLIMATE SUMMARY FOR APRIL 27 2015...
VALID TODAY AS OF 0400 PM LOCAL TIME.

CLIMATE NORMAL PERIOD 1981 TO 2010
CLIMATE RECORD PERIOD 1939 TO 2015


WEATHER ITEM   OBSERVED TIME   RECORD YEAR NORMAL DEPARTURE LAST
                VALUE   (LST)  VALUE       VALUE  FROM      YEAR
                                                  NORMAL
..................................................................
TEMPERATURE (F)
 TODAY
  MAXIMUM         87    226 PM  93    1961  83      4       85
  MINIMUM         77    633 AM  47    1978  62     15       69
  AVERAGE         82                        72     10       77

PRECIPITATION (IN)
  TODAY            0.00          0.56 2005   0.07  -0.07     0.00
  MONTH TO DATE    3.45                      1.94   1.51     3.36
  SINCE MAR 1      3.88                      5.22  -1.34     5.38
  SINCE JAN 1      9.99                     10.02  -0.03    12.44

SNOWFALL (IN)
  TODAY            0.0
  MONTH TO DATE    0.0
  SINCE JUL 1      0.0

DEGREE DAYS
 HEATING
  TODAY            0                         0      0        0
  MONTH TO DATE    0                        15    -15        3
  SINCE MAR 1     14                        86    -72       52
  SINCE JUL 1    424                       575   -151      358

 COOLING
  TODAY           17                         8      9       12
  MONTH TO DATE  342                       153    189      189
  SINCE MAR 1    581                       252    329      300
  SINCE JAN 1    679                       350    329      468
..................................................................


WIND (MPH)
  HIGHEST WIND SPEED    25   HIGHEST WIND DIRECTION     W (270)
  HIGHEST GUST SPEED    30   HIGHEST GUST DIRECTION     W (270)
  AVERAGE WIND SPEED    12.5


SKY COVER
  AVERAGE SKY COVER 0.1


WEATHER CONDITIONS
 THE FOLLOWING WEATHER WAS RECORDED TODAY.
  FOG


RELATIVE HUMIDITY (PERCENT)
 HIGHEST    88           200 AM
 LOWEST     51           100 PM
 AVERAGE    70

..........................................................


THE MELBOURNE CLIMATE NORMALS FOR TOMORROW
                         NORMAL    RECORD    YEAR
 MAXIMUM TEMPERATURE (F)   83        93      1971
 MINIMUM TEMPERATURE (F)   63        48      1983


SUNRISE AND SUNSET
APRIL 27 2015.........SUNRISE   646 AM EDT   SUNSET   755 PM EDT
APRIL 28 2015.........SUNRISE   645 AM EDT   SUNSET   755 PM EDT


-  INDICATES NEGATIVE NUMBERS.
R  INDICATES RECORD WAS SET OR TIED.
MM INDICATES DATA IS MISSING.
T  INDICATES TRACE AMOUNT.




$$
