000
CDUS45 KBYZ 250935
CLIMLS


CLIMATE REPORT
NATIONAL WEATHER SERVICE BILLINGS MT
333 AM MDT SAT APR 25 2015


...................................

...THE MILES CITY MT CLIMATE SUMMARY FOR APRIL 24 2015...

CLIMATE NORMAL PERIOD 1981 TO 2010
CLIMATE RECORD PERIOD 1937 TO 2015


WEATHER ITEM   OBSERVED TIME   RECORD YEAR NORMAL DEPARTURE LAST
                VALUE   (LST)  VALUE       VALUE  FROM      YEAR
                                                  NORMAL
..................................................................
TEMPERATURE (F)
 YESTERDAY
  MAXIMUM         73    202 PM  90    2012  62     11       63
  MINIMUM         36    537 AM  24    1958  36      0       37
  AVERAGE         55                        49      6       50

PRECIPITATION (IN)
  YESTERDAY        0.08          1.29        0.05   0.03     0.00
  MONTH TO DATE    0.09                      1.01  -0.92     0.19
  SINCE OCT 1      1.55                      3.76  -2.21     3.43
  SINCE JAN 1      0.54                      2.16  -1.62     1.75

DEGREE DAYS
 HEATING
  YESTERDAY       10                        16     -6       15
  MONTH TO DATE  435                       480    -45      504
  SINCE MAR 1   1100                      1421   -321     1559
  SINCE JUL 1   6570                      7155   -585     7598

 COOLING
  YESTERDAY        0                         0      0        0
  MONTH TO DATE    0                         0      0        0
  SINCE MAR 1      0                         0      0        0
  SINCE JAN 1      0                         0      0        0
..................................................................


WIND (MPH)
  HIGHEST WIND SPEED    18   HIGHEST WIND DIRECTION    NW (300)
  HIGHEST GUST SPEED    22   HIGHEST GUST DIRECTION     W (290)
  AVERAGE WIND SPEED     6.4


SKY COVER
  POSSIBLE SUNSHINE  MM
  AVERAGE SKY COVER 0.2


WEATHER CONDITIONS
 THE FOLLOWING WEATHER WAS RECORDED YESTERDAY.
  THUNDERSTORM
  RAIN
  LIGHT RAIN


RELATIVE HUMIDITY (PERCENT)
 HIGHEST    93          1100 PM
 LOWEST     29           200 PM
 AVERAGE    61

..........................................................


THE MILES CITY MT CLIMATE NORMALS FOR TODAY
                         NORMAL    RECORD    YEAR
 MAXIMUM TEMPERATURE (F)   62        89      1974
 MINIMUM TEMPERATURE (F)   36        21      2002


SUNRISE AND SUNSET
APRIL 25 2015.........SUNRISE   559 AM MDT   SUNSET   804 PM MDT
APRIL 26 2015.........SUNRISE   558 AM MDT   SUNSET   806 PM MDT


-  INDICATES NEGATIVE NUMBERS.
R  INDICATES RECORD WAS SET OR TIED.
MM INDICATES DATA IS MISSING.
T  INDICATES TRACE AMOUNT.





&&

THIS IS AN AUTOMATED...UNATTENDED WEATHER STATION AND MAY
UNDERESTIMATE WINTER PRECIPITATION.

$$
