000
CDUS44 KSHV 040732
CLIMLU


CLIMATE REPORT
NATIONAL WEATHER SERVICE SHREVEPORT, LA
232 AM CDT MON MAY 4 2015


...................................

...THE MONROE CLIMATE SUMMARY FOR MAY 3 2015...

CLIMATE NORMAL PERIOD 1981 TO 2010
CLIMATE RECORD PERIOD 1930 TO 2015


WEATHER ITEM   OBSERVED TIME   RECORD YEAR NORMAL DEPARTURE LAST
                VALUE   (LST)  VALUE       VALUE  FROM      YEAR
                                                  NORMAL
..................................................................
TEMPERATURE (F)
 YESTERDAY
  MAXIMUM         84    138 PM  91    2010  82      2       86
  MINIMUM         54    554 AM  41    2013  59     -5       47
  AVERAGE         69                        71     -2       67

PRECIPITATION (IN)
  YESTERDAY        0.00          3.64 1991   0.17  -0.17     0.00
  MONTH TO DATE    0.00                      0.50  -0.50     0.00
  SINCE DEC 1     22.95                     24.65  -1.70    20.41
  SINCE JAN 1     18.47                     19.36  -0.89    17.15

SNOWFALL (IN)
  YESTERDAY        0.0
  MONTH TO DATE    0.0
  SINCE MAR 1      0.4
  SINCE JUL 1      3.9
  SNOW DEPTH       0

DEGREE DAYS
 HEATING
  YESTERDAY        0                         1     -1        0
  MONTH TO DATE    0                         3     -3        9
  SINCE MAR 1    308                       333    -25      499
  SINCE JUL 1   2512                      2227    285     2825

 COOLING
  YESTERDAY        4                         6     -2        2
  MONTH TO DATE    7                        18    -11        2
  SINCE MAR 1    151                       154     -3       88
  SINCE JAN 1    151                       165    -14       90
..................................................................


WIND (MPH)
  HIGHEST WIND SPEED    13   HIGHEST WIND DIRECTION     S (180)
  HIGHEST GUST SPEED    17   HIGHEST GUST DIRECTION     S (180)
  AVERAGE WIND SPEED     3.9


SKY COVER
  POSSIBLE SUNSHINE  MM
  AVERAGE SKY COVER 0.2


WEATHER CONDITIONS
 THE FOLLOWING WEATHER WAS RECORDED YESTERDAY.
  NO SIGNIFICANT WEATHER WAS OBSERVED.


RELATIVE HUMIDITY (PERCENT)
 HIGHEST   100           500 AM
 LOWEST     45           100 PM
 AVERAGE    73

..........................................................


THE MONROE CLIMATE NORMALS FOR TODAY
                         NORMAL    RECORD    YEAR
 MAXIMUM TEMPERATURE (F)   83        92      2012
 MINIMUM TEMPERATURE (F)   59        39      2013


SUNRISE AND SUNSET
MAY  4 2015...........SUNRISE   619 AM CDT   SUNSET   751 PM CDT
MAY  5 2015...........SUNRISE   618 AM CDT   SUNSET   752 PM CDT


-  INDICATES NEGATIVE NUMBERS.
R  INDICATES RECORD WAS SET OR TIED.
MM INDICATES DATA IS MISSING.
T  INDICATES TRACE AMOUNT.




$$
