000
CDUS44 KMOB 210645
CLIMOB


CLIMATE REPORT
NATIONAL WEATHER SERVICE MOBILE AL
145 AM CDT TUE APR 21 2015


...................................

...THE MOBILE CLIMATE SUMMARY FOR APRIL 20 2015...

CLIMATE NORMAL PERIOD 1981 TO 2010
CLIMATE RECORD PERIOD 1842 TO 2015


WEATHER ITEM   OBSERVED TIME   RECORD YEAR NORMAL DEPARTURE LAST
                VALUE   (LST)  VALUE       VALUE  FROM      YEAR
                                                  NORMAL
..................................................................
TEMPERATURE (F)
 YESTERDAY
  MAXIMUM         80    332 PM  88    2006  78      2       74
                                      1968
  MINIMUM         58   1159 PM  40    1953  57      1       53
  AVERAGE         69                        67      2       64

PRECIPITATION (IN)
  YESTERDAY        0.00          3.15 1912   0.15  -0.15     0.00
  MONTH TO DATE   11.65                      3.29   8.36     6.26
  SINCE MAR 1     15.61                      9.43   6.18    12.76
  SINCE JAN 1     21.66                     20.20   1.46    19.88

DEGREE DAYS
 HEATING
  YESTERDAY        0                         1     -1        1
  MONTH TO DATE    3                        52    -49       66
  SINCE MAR 1    117                       241   -124      342
  SINCE JUL 1   1819                      1683    136     2045

 COOLING
  YESTERDAY        4                         4      0        0
  MONTH TO DATE  135                        56     79       31
  SINCE MAR 1    231                        95    136       32
  SINCE JAN 1    235                       111    124       44
..................................................................


WIND (MPH)
  HIGHEST WIND SPEED    15   HIGHEST WIND DIRECTION     W (280)
  HIGHEST GUST SPEED    21   HIGHEST GUST DIRECTION     W (280)
  AVERAGE WIND SPEED     5.7


SKY COVER
  POSSIBLE SUNSHINE  MM
  AVERAGE SKY COVER 0.5


WEATHER CONDITIONS
 THE FOLLOWING WEATHER WAS RECORDED YESTERDAY.
  FOG


RELATIVE HUMIDITY (PERCENT)
 HIGHEST   100           300 AM
 LOWEST     45           400 PM
 AVERAGE    73

..........................................................


THE MOBILE CLIMATE NORMALS FOR TODAY
                         NORMAL    RECORD    YEAR
 MAXIMUM TEMPERATURE (F)   79        94      1987
 MINIMUM TEMPERATURE (F)   57        43      1953


SUNRISE AND SUNSET
APRIL 21 2015.........SUNRISE   619 AM CDT   SUNSET   725 PM CDT
APRIL 22 2015.........SUNRISE   618 AM CDT   SUNSET   725 PM CDT


-  INDICATES NEGATIVE NUMBERS.
R  INDICATES RECORD WAS SET OR TIED.
MM INDICATES DATA IS MISSING.
T  INDICATES TRACE AMOUNT.




$$
