000
CDUS41 KBTV 180541
CLIMPV


CLIMATE REPORT
NATIONAL WEATHER SERVICE BURLINGTON VT
140 AM EDT SAT APR 18 2015


...................................

...THE MONTPELIER VT CLIMATE SUMMARY FOR APRIL 17 2015...

CLIMATE NORMAL PERIOD 1981 TO 2010
CLIMATE RECORD PERIOD 1948 TO 2015


WEATHER ITEM   OBSERVED TIME   RECORD YEAR NORMAL DEPARTURE LAST
                VALUE   (LST)  VALUE       VALUE  FROM      YEAR
                                                  NORMAL
..................................................................
TEMPERATURE (F)
 YESTERDAY
  MAXIMUM         63    416 PM  86    2002  54      9       45
                                      1976
  MINIMUM         45   1153 PM  14    2014  32     13       14
  AVERAGE         54                        43     11       30

PRECIPITATION (IN)
  YESTERDAY        0.15          0.51        0.09   0.06     0.00
  MONTH TO DATE    1.08                      1.48  -0.40     1.34
  SINCE MAR 1      1.92                      3.87  -1.95     4.39
  SINCE JAN 1      4.79                      8.36  -3.57     8.70

DEGREE DAYS
 HEATING
  YESTERDAY       11                        22    -11       35
  MONTH TO DATE  459                       433     26      452
  SINCE MAR 1   1780                      1550    230     1901
  SINCE JUL 1   8118                      7458    660     8066

 COOLING
  YESTERDAY        0                         0      0        0
  MONTH TO DATE    0                         0      0        0
  SINCE MAR 1      0                         0      0        0
  SINCE JAN 1      0                         0      0        0
..................................................................


WIND (MPH)
  HIGHEST WIND SPEED    16   HIGHEST WIND DIRECTION     W (290)
  HIGHEST GUST SPEED    23   HIGHEST GUST DIRECTION     W (290)
  AVERAGE WIND SPEED     6.3


SKY COVER
  AVERAGE SKY COVER 0.6


WEATHER CONDITIONS
 THE FOLLOWING WEATHER WAS RECORDED YESTERDAY.
  RAIN
  LIGHT RAIN
  FOG


RELATIVE HUMIDITY (PERCENT)
 HIGHEST    93          1000 AM
 LOWEST     29           100 AM
 AVERAGE    61

..........................................................


THE MONTPELIER VT CLIMATE NORMALS FOR TODAY
                         NORMAL    RECORD    YEAR
 MAXIMUM TEMPERATURE (F)   55        90      1976
 MINIMUM TEMPERATURE (F)   33        21      1962


SUNRISE AND SUNSET
APRIL 18 2015.........SUNRISE   602 AM EDT   SUNSET   738 PM EDT
APRIL 19 2015.........SUNRISE   601 AM EDT   SUNSET   739 PM EDT


-  INDICATES NEGATIVE NUMBERS.
R  INDICATES RECORD WAS SET OR TIED.
MM INDICATES DATA IS MISSING.
T  INDICATES TRACE AMOUNT.




$$
