000
CDUS44 KHUN 180702
CLIMSL


CLIMATE REPORT
NATIONAL WEATHER SERVICE HUNTSVILLE AL
201 AM CDT SAT APR 18 2015


...................................

...THE MUSCLE SHOALS CLIMATE SUMMARY FOR APRIL 17 2015...

CLIMATE NORMAL PERIOD 1981 TO 2010
CLIMATE RECORD PERIOD 1893 TO 2015


WEATHER ITEM   OBSERVED TIME   RECORD YEAR NORMAL DEPARTURE LAST
                VALUE   (LST)  VALUE       VALUE  FROM      YEAR
                                                  NORMAL
..................................................................
TEMPERATURE (F)
 YESTERDAY
  MAXIMUM         66    539 PM  92    2006  74     -8       70
  MINIMUM         57   1151 PM  27    1905  50      7       42
  AVERAGE         62                        62      0       56

PRECIPITATION (IN)
  YESTERDAY        T             2.16 1970   0.14  -0.14     0.00
  MONTH TO DATE    2.75                      2.47   0.28     3.28
  SINCE MAR 1      9.33                      7.23   2.10     5.90
  SINCE JAN 1     16.61                     16.50   0.11    11.59

SNOWFALL (IN)
  YESTERDAY        0.0
  MONTH TO DATE    0.0
  SINCE MAR 1      0.7
  SINCE JUL 1      4.2
  SNOW DEPTH       0

DEGREE DAYS
 HEATING
  YESTERDAY        3                         5     -2        9
  MONTH TO DATE   37                       114    -77      115
  SINCE MAR 1    385                       492   -107      558
  SINCE JUL 1   3156                      3027    129     3329

 COOLING
  YESTERDAY        0                         2     -2        0
  MONTH TO DATE   46                        22     24       27
  SINCE MAR 1     48                        34     14       27
  SINCE JAN 1     48                        35     13       27
..................................................................


WIND (MPH)
  HIGHEST WIND SPEED     9   HIGHEST WIND DIRECTION     E (100)
  HIGHEST GUST SPEED    12   HIGHEST GUST DIRECTION     E (80)
  AVERAGE WIND SPEED     4.1


SKY COVER
  POSSIBLE SUNSHINE  MM
  AVERAGE SKY COVER 0.9


WEATHER CONDITIONS
 THE FOLLOWING WEATHER WAS RECORDED YESTERDAY.
  LIGHT RAIN
  FOG
  FOG W/VISIBILITY <= 1/4 MILE
  HAZE


RELATIVE HUMIDITY (PERCENT)
 HIGHEST    93           400 AM
 LOWEST     81           100 PM
 AVERAGE    87

..........................................................


THE MUSCLE SHOALS CLIMATE NORMALS FOR TODAY
                         NORMAL    RECORD    YEAR
 MAXIMUM TEMPERATURE (F)   74        93      2006
 MINIMUM TEMPERATURE (F)   50        33      1961
                                             1936
                                             1919


SUNRISE AND SUNSET
APRIL 18 2015.........SUNRISE   615 AM CDT   SUNSET   725 PM CDT
APRIL 19 2015.........SUNRISE   614 AM CDT   SUNSET   726 PM CDT


-  INDICATES NEGATIVE NUMBERS.
R  INDICATES RECORD WAS SET OR TIED.
MM INDICATES DATA IS MISSING.
T  INDICATES TRACE AMOUNT.




$$
