000
CDUS41 KBTV 030553
CLIMSS


CLIMATE REPORT
NATIONAL WEATHER SERVICE BURLINGTON VT
148 AM EDT SUN MAY 3 2015


...................................

...THE MASSENA NY CLIMATE SUMMARY FOR MAY 2 2015...

CLIMATE NORMAL PERIOD 1981 TO 2010
CLIMATE RECORD PERIOD 1948 TO 2015


WEATHER ITEM   OBSERVED TIME   RECORD YEAR NORMAL DEPARTURE LAST
                VALUE   (LST)  VALUE       VALUE  FROM      YEAR
                                                  NORMAL
..................................................................
TEMPERATURE (F)
 YESTERDAY
  MAXIMUM         75    258 PM  85    2001  62     13       57
  MINIMUM         37    458 AM  22    1974  39     -2       46
  AVERAGE         56                        51      5       52

PRECIPITATION (IN)
  YESTERDAY        0.00          0.62        0.10  -0.10     0.03
  MONTH TO DATE    0.00                      0.19  -0.19     0.29
  SINCE MAR 1      3.02                      5.10  -2.08     5.37
  SINCE JAN 1      4.44                      9.05  -4.61     8.11

DEGREE DAYS
 HEATING
  YESTERDAY        9                        15     -6       13
  MONTH TO DATE   18                        30    -12       26
  SINCE MAR 1   1953                      1825    128     2153
  SINCE JUL 1   8119                      7812    307     8322

 COOLING
  YESTERDAY        0                         0      0        0
  MONTH TO DATE    0                         0      0        0
  SINCE MAR 1      0                         1     -1        0
  SINCE JAN 1      0                         1     -1        0
..................................................................


WIND (MPH)
  HIGHEST WIND SPEED    15   HIGHEST WIND DIRECTION     W (260)
  HIGHEST GUST SPEED    20   HIGHEST GUST DIRECTION     W (250)
  AVERAGE WIND SPEED     5.9


SKY COVER
  AVERAGE SKY COVER 0.1


WEATHER CONDITIONS
 THE FOLLOWING WEATHER WAS RECORDED YESTERDAY.
  FOG


RELATIVE HUMIDITY (PERCENT)
 HIGHEST    96           200 AM
 LOWEST     23           200 PM
 AVERAGE    60

..........................................................


THE MASSENA NY CLIMATE NORMALS FOR TODAY
                         NORMAL    RECORD    YEAR
 MAXIMUM TEMPERATURE (F)   63        86      2001
 MINIMUM TEMPERATURE (F)   39        28      2000
                                             1987


SUNRISE AND SUNSET
MAY  3 2015...........SUNRISE   546 AM EDT   SUNSET   807 PM EDT
MAY  4 2015...........SUNRISE   545 AM EDT   SUNSET   808 PM EDT


-  INDICATES NEGATIVE NUMBERS.
R  INDICATES RECORD WAS SET OR TIED.
MM INDICATES DATA IS MISSING.
T  INDICATES TRACE AMOUNT.




$$
