000
CDUS43 KILX 040630
CLIMTO


CLIMATE REPORT
NATIONAL WEATHER SERVICE LINCOLN IL
128 AM CDT MON MAY 4 2015


...................................

...THE MATTOON IL AIRPORT CLIMATE SUMMARY FOR MAY 3 2015...

CLIMATE NORMAL PERIOD 1981 TO 2010
CLIMATE RECORD PERIOD 9999 TO 9999


WEATHER ITEM   OBSERVED TIME   RECORD YEAR NORMAL DEPARTURE LAST
                VALUE   (LST)  VALUE       VALUE  FROM      YEAR
                                                  NORMAL
..................................................................
TEMPERATURE (F)
 YESTERDAY
  MAXIMUM         79    234 PM  MM      MM  69     10       69
  MINIMUM         58    537 AM  MM      MM  50      8       50
  AVERAGE         69                        60      9       60

PRECIPITATION (IN)
  YESTERDAY        0.00         MM      MM   0.16  -0.16     0.00
  MONTH TO DATE    0.00                      0.48  -0.48      T
  SINCE MAR 1      6.31                      6.48  -0.17     5.14
  SINCE JAN 1      7.66                     10.46  -2.80     7.07

DEGREE DAYS
 HEATING
  YESTERDAY        0                         6     -6        5
  MONTH TO DATE   15                        20     -5       39
  SINCE MAR 1   1135                      1078     57     1252
  SINCE JUL 1   5828                      5282    546     6099

 COOLING
  YESTERDAY        4                         1      3        0
  MONTH TO DATE    4                         3      1        0
  SINCE MAR 1      6                        17    -11        4
  SINCE JAN 1      6                        17    -11        4
..................................................................


WIND (MPH)
  HIGHEST WIND SPEED    21   HIGHEST WIND DIRECTION     S (180)
  HIGHEST GUST SPEED    28   HIGHEST GUST DIRECTION     S (170)
  AVERAGE WIND SPEED    10.0


SKY COVER
  POSSIBLE SUNSHINE  MM
  AVERAGE SKY COVER 0.2


WEATHER CONDITIONS
 THE FOLLOWING WEATHER WAS RECORDED YESTERDAY.
  NO SIGNIFICANT WEATHER WAS OBSERVED.


RELATIVE HUMIDITY (PERCENT)
 HIGHEST    60           100 AM
 LOWEST     28           300 PM
 AVERAGE    44

..........................................................


THE MATTOON IL AIRPORT CLIMATE NORMALS FOR TODAY
                         NORMAL    RECORD    YEAR
 MAXIMUM TEMPERATURE (F)   70        MM        MM
 MINIMUM TEMPERATURE (F)   50        MM        MM


SUNRISE AND SUNSET
MAY  4 2015...........SUNRISE   551 AM CDT   SUNSET   750 PM CDT
MAY  5 2015...........SUNRISE   550 AM CDT   SUNSET   751 PM CDT


-  INDICATES NEGATIVE NUMBERS.
R  INDICATES RECORD WAS SET OR TIED.
MM INDICATES DATA IS MISSING.
T  INDICATES TRACE AMOUNT.




$$
