000
CDUS43 KGID 012221
CLIODX


CLIMATE REPORT
NATIONAL WEATHER SERVICE HASTINGS NE
521 PM CDT WED APR 1 2015


...................................

...THE ORD NE CLIMATE SUMMARY FOR APRIL 1 2015...
VALID TODAY AS OF 0500 PM LOCAL TIME.

CLIMATE NORMAL PERIOD 1981 TO 2010
CLIMATE RECORD PERIOD 1895 TO 2015


WEATHER ITEM   OBSERVED TIME   NORMAL DEPARTURE LAST
                VALUE   (LST)  VALUE  FROM      YEAR
                                      NORMAL
......................................................
TEMPERATURE (F)
 TODAY
  MAXIMUM         85    247 PM  57     28       41
  MINIMUM         52    714 AM  31     21       20
  AVERAGE         69            44     25       31

PRECIPITATION (IN)
  TODAY            0.00          0.05  -0.05     0.00
  MONTH TO DATE    0.00          0.05  -0.05     0.00
  SINCE MAR 1      0.03          1.50  -1.47     0.20
  SINCE JAN 1      0.77          2.31  -1.54     0.45

DEGREE DAYS
 HEATING
  TODAY            0            21    -21       34
  MONTH TO DATE    0            21    -21       34
  SINCE MAR 1    726           867   -141      981
  SINCE JUL 1   5858          5884    -26     6134

 COOLING
  TODAY            4             0      4        0
  MONTH TO DATE    4             0      4        0
  SINCE MAR 1      4             0      4        0
  SINCE JAN 1      4             0      4        0
......................................................


WIND (MPH)
  HIGHEST WIND SPEED    35   HIGHEST WIND DIRECTION     S (200)
  HIGHEST GUST SPEED    43   HIGHEST GUST DIRECTION     S (200)
  AVERAGE WIND SPEED    17.3


SKY COVER
  AVERAGE SKY COVER 0.0


WEATHER CONDITIONS
 THE FOLLOWING WEATHER WAS RECORDED TODAY.
  HAZE


RELATIVE HUMIDITY (PERCENT)
 HIGHEST    50           700 AM
 LOWEST     20           200 PM
 AVERAGE    35

..........................................................


THE ORD NE CLIMATE NORMALS FOR TOMORROW
                         NORMAL
 MAXIMUM TEMPERATURE (F)   57
 MINIMUM TEMPERATURE (F)   31


SUNRISE AND SUNSET
APRIL  1 2015.........SUNRISE   719 AM CDT   SUNSET   801 PM CDT
APRIL  2 2015.........SUNRISE   717 AM CDT   SUNSET   802 PM CDT


-  INDICATES NEGATIVE NUMBERS.
R  INDICATES RECORD WAS SET OR TIED.
MM INDICATES DATA IS MISSING.
T  INDICATES TRACE AMOUNT.




$$
