000
CDUS43 KOAX 210630
CLIOMA


CLIMATE REPORT
NATIONAL WEATHER SERVICE OMAHA NEBRASKA
129 AM CDT TUE APR 21 2015


...................................

...THE OMAHA EPPLEY, NEBRASKA CLIMATE SUMMARY FOR APRIL 20 2015...

CLIMATE NORMAL PERIOD 1981 TO 2010
CLIMATE RECORD PERIOD 1871 TO 2015


WEATHER ITEM   OBSERVED TIME   RECORD YEAR NORMAL DEPARTURE LAST
                VALUE   (LST)  VALUE       VALUE  FROM      YEAR
                                                  NORMAL
..................................................................
TEMPERATURE (F)
 YESTERDAY
  MAXIMUM         59    428 PM  92    1902  65     -6       85
  MINIMUM         41    609 AM  23    2013  42     -1       58
  AVERAGE         50                        54     -4       72

PRECIPITATION (IN)
  YESTERDAY        0.00          2.09 1905   0.10  -0.10     0.02
  MONTH TO DATE    3.13                      1.79   1.34     1.58
  SINCE MAR 1      3.67                      3.78  -0.11     1.79
  SINCE JAN 1      4.81                      5.35  -0.54     2.65

SNOWFALL (IN)
  YESTERDAY        0.0                       0.0    0.0      0.0
  MONTH TO DATE    T                         0.8   -0.8      0.6
  SINCE JUL 1     13.8                      26.2  -12.4     17.8
  SNOW DEPTH       0

DEGREE DAYS
 HEATING
  YESTERDAY       15                        12      3        0
  MONTH TO DATE  207                       310   -103      315
  SINCE MAR 1    859                      1101   -242     1194
  SINCE JUL 1   5570                      5899   -329     6299

 COOLING
  YESTERDAY        0                         1     -1        7
  MONTH TO DATE    5                         4      1       15
  SINCE MAR 1      5                         5      0       15
  SINCE JAN 1      5                         5      0       15
..................................................................


WIND (MPH)
  HIGHEST WIND SPEED    38   HIGHEST WIND DIRECTION    NW (310)
  HIGHEST GUST SPEED    46   HIGHEST GUST DIRECTION    NW (320)
  AVERAGE WIND SPEED    19.4


SKY COVER
  POSSIBLE SUNSHINE  MM
  AVERAGE SKY COVER 0.3


WEATHER CONDITIONS
 THE FOLLOWING WEATHER WAS RECORDED YESTERDAY.
  NO SIGNIFICANT WEATHER WAS OBSERVED.


RELATIVE HUMIDITY (PERCENT)
 HIGHEST    73           600 AM
 LOWEST     17           400 PM
 AVERAGE    45

..........................................................


THE OMAHA EPPLEY, NEBRASKA CLIMATE NORMALS FOR TODAY
                         NORMAL    RECORD    YEAR
 MAXIMUM TEMPERATURE (F)   66        90      1980
 MINIMUM TEMPERATURE (F)   42        26      1966


SUNRISE AND SUNSET
APRIL 21 2015.........SUNRISE   635 AM CDT   SUNSET   810 PM CDT
APRIL 22 2015.........SUNRISE   634 AM CDT   SUNSET   811 PM CDT


-  INDICATES NEGATIVE NUMBERS.
R  INDICATES RECORD WAS SET OR TIED.
MM INDICATES DATA IS MISSING.
T  INDICATES TRACE AMOUNT.




$$
