000
CDUS41 KAKQ 260533
CLIORF


CLIMATE REPORT
NATIONAL WEATHER SERVICE WAKEFIELD, VA
133 AM EDT SUN APR 26 2015


...................................

...THE NORFOLK VA CLIMATE SUMMARY FOR APRIL 25 2015...

CLIMATE NORMAL PERIOD 1981 TO 2010
CLIMATE RECORD PERIOD 1871 TO 2015


WEATHER ITEM   OBSERVED TIME   RECORD YEAR NORMAL DEPARTURE LAST
                VALUE   (LST)  VALUE       VALUE  FROM      YEAR
                                                  NORMAL
..................................................................
TEMPERATURE (F)
 YESTERDAY
  MAXIMUM         54    830 AM  96    1960  70    -16       72
  MINIMUM         45    733 PM  38    1919  52     -7       46
  AVERAGE         50                        61    -11       59

PRECIPITATION (IN)
  YESTERDAY        0.53          2.53 1937   0.12   0.41     0.57
  MONTH TO DATE    4.34                      2.86   1.48     3.91
  SINCE MAR 1      7.03                      6.54   0.49     7.73
  SINCE JAN 1     13.21                     13.06   0.15    14.02

SNOWFALL (IN)
  YESTERDAY        0.0           0.0  2002   0.0    0.0
  MONTH TO DATE    0.0                       0.0    0.0
  SINCE NOV 1     12.7                       5.8    6.9
  SINCE JUL 1     12.7                       5.8    6.9
  SNOW DEPTH       0

DEGREE DAYS
 HEATING
  YESTERDAY       15                         6      9        6
  MONTH TO DATE  149                       213    -64      204
  SINCE MAR 1    688                       705    -17      778
  SINCE JUL 1   3524                      3274    250     3389

 COOLING
  YESTERDAY        0                         2     -2        0
  MONTH TO DATE   23                        30     -7       18
  SINCE MAR 1     25                        36    -11       19
  SINCE JAN 1     25                        37    -12       19
..................................................................


WIND (MPH)
  HIGHEST WIND SPEED    16   HIGHEST WIND DIRECTION    NE (40)
  HIGHEST GUST SPEED    21   HIGHEST GUST DIRECTION    NE (30)
  AVERAGE WIND SPEED     6.4


SKY COVER
  POSSIBLE SUNSHINE  MM
  AVERAGE SKY COVER 0.7


WEATHER CONDITIONS
 THE FOLLOWING WEATHER WAS RECORDED YESTERDAY.
  RAIN
  LIGHT RAIN
  FOG


RELATIVE HUMIDITY (PERCENT)
 HIGHEST    93           900 PM
 LOWEST     54           900 AM
 AVERAGE    74

..........................................................


THE NORFOLK VA CLIMATE NORMALS FOR TODAY
                         NORMAL    RECORD    YEAR
 MAXIMUM TEMPERATURE (F)   71        97      1960
 MINIMUM TEMPERATURE (F)   52        34      1888


SUNRISE AND SUNSET
APRIL 26 2015.........SUNRISE   617 AM EDT   SUNSET   749 PM EDT
APRIL 27 2015.........SUNRISE   616 AM EDT   SUNSET   750 PM EDT


-  INDICATES NEGATIVE NUMBERS.
R  INDICATES RECORD WAS SET OR TIED.
MM INDICATES DATA IS MISSING.
T  INDICATES TRACE AMOUNT.




$$
