000
CDAK49 PAOT 020000
CLIOTZ

CLIMATE REPORT
NATIONAL WEATHER SERVICE KOTZEBUE, AK
400 PM AKDT WED APR 1 2015

...................................
...THE KOTZEBUE WSO AP CLIMATE SUMMARY FOR APRIL 1 2015...
VALID TODAY AS OF 2:00 PM LOCAL TIME

CLIMATE NORMAL PERIOD  1981 TO  2010
CLIMATE RECORD PERIOD  1897 TO  2015

WEATHER ITEM   OBSERVED TIME    RECORD YEAR NORMAL DEPARTURE LAST
               VALUE    (LST)   VALUE       VALUE  FROM      YEAR
                                                   NORMAL
...................................................................
TEMPERATURE
TODAY
 MAXIMUM             7  0608 AM    37  1962     13      -6     15
 MINIMUM             4  1207 PM   -28  1992     -4       8     -3
 AVERAGE             6                           4       2      6

PRECIPITATION
(INCHES)
 TODAY            0.00           0.12  2008   0.01   -0.01   0.00
 MONTH TO DATE    0.00                        0.01   -0.01   0.00
 SINCE MAR 1      0.53                        0.45    0.08   0.34
 SINCE JAN 1      1.38                        1.73   -0.35   1.06

SNOWFALL
(INCHES)
 TODAY             0.0            2.7  1967    0.2    -0.2    0.0
 MONTH TO DATE     0.0                         0.2    -0.2    0.0
 SINCE MAR 1       5.5                         6.1    -0.6    6.8
 SINCE JUL 1      20.8                        53.7   -32.9   31.8
 SNOW DEPTH (IN)     8                                          7

DEGREE DAYS
 HEATING
  TODAY             59                          61      -2     59
  MONTH TO DATE     59                          61      -2     59
  SINCE MAR 1     2138                        2048      90   1824
  SINCE JUL 1    10989                       12290   -1301  10775

 COOLING
  TODAY              0                           0       0      0
  MONTH TO DATE      0                           0       0      0
  SINCE MAR 1        0                           0       0      0
  SINCE JAN 1        0                           0       0      0
...................................................................

WIND (MPH)
 HIGHEST WIND SPEED    17     HIGHEST WIND DIRECTION    280
 HIGHEST GUST SPEED    20     HIGHEST GUST DIRECTION    290
 AVERAGE WIND SPEED    MM

SKY COVER
  POSSIBLE SUNSHINE  MM            AVERAGE SKY COVER MM

WEATHER CONDITIONS
 THE FOLLOWING WEATHER WAS RECORDED TODAY.
 FOG


RELATIVE HUMIDITY
 HIGHEST RH     MM PERCENT       MM
 LOWEST  RH     MM PERCENT       MM
 AVERAGE RH     MM PERCENT       MM
...................................................................

THE KOTZEBUE CLIMATE NORMALS FOR TOMORROW
                        NORMAL    RECORD   YEAR
 MAXIMUM TEMPERATURE      13        41     1980
 MINIMUM TEMPERATURE      -4       -30     1964

SUNRISE AND SUNSET
 APR 1 2015..........SUNRISE  8:03 AM      SUNSET  9:49 PM
 APR 2 2015..........SUNRISE  7:59 AM      SUNSET  9:52 PM

-  INDICATES NEGATIVE NUMBERS.
R  INDICATES RECORD HAS BEEN SET OR TIED.
MM INDICATES DATA IS MISSING.
T  INDICATES TRACE OF PRECIPITATION.

&&
-------------------------------------------------------------------

AMOUNT OF DAYLIGHT TODAY  (HOUR:MIN)........13 HOURS 46 MINUTES
GAIN SINCE YESTERDAY (HOUR:MIN:SEC).........+0:07:28

$$

DT APR 15
