000
CDAK49 PAOT 270912
CLIOTZ

CLIMATE REPORT
NATIONAL WEATHER SERVICE KOTZEBUE, AK
113 AM AKDT MON APR 27 2015

...................................
...THE KOTZEBUE WSO AP CLIMATE SUMMARY FOR APRIL 26 2015...

CLIMATE NORMAL PERIOD  1981 TO  2010
CLIMATE RECORD PERIOD  1897 TO  2015

WEATHER ITEM   OBSERVED TIME    RECORD YEAR NORMAL DEPARTURE LAST
               VALUE    (LST)   VALUE       VALUE  FROM      YEAR
                                                   NORMAL
...................................................................
TEMPERATURE
YESTERDAY
 MAXIMUM            27  0400 PM    46  1997     28      -1     45
 MINIMUM            17  1159 PM   -17  1960     13       4     29
 AVERAGE            22                          21       1     37

PRECIPITATION
(INCHES)
 YESTERDAY        0.00           0.50  2002   0.02   -0.02   0.00
 MONTH TO DATE    0.55                        0.46    0.09   0.19
 SINCE MAR 1      1.08                        0.90    0.18   0.53
 SINCE JAN 1      1.93                        2.18   -0.25   1.25

SNOWFALL
(INCHES)
 YESTERDAY         0.0            2.0  2002    0.2    -0.2    0.0
 MONTH TO DATE     3.9                         4.6    -0.7    0.4
 SINCE MAR 1       9.4                        10.5    -1.1    7.2
 SINCE JUL 1      24.7                        58.1   -33.4   32.2
 SNOW DEPTH (IN)     3                                          T

DEGREE DAYS
 HEATING
  YESTERDAY         43                          44      -1     28
  MONTH TO DATE   1270                        1380    -110   1160
  SINCE MAR 1     3347                        3367     -20   2925
  SINCE JUL 1    12198                       13609   -1411  11876

 COOLING
  YESTERDAY          0                           0       0      0
  MONTH TO DATE      0                           0       0      0
  SINCE MAR 1        0                           0       0      0
  SINCE JAN 1        0                           0       0      0
...................................................................

WIND (MPH)
 HIGHEST WIND SPEED    18     HIGHEST WIND DIRECTION    270
 HIGHEST GUST SPEED    22     HIGHEST GUST DIRECTION    290
 AVERAGE WIND SPEED  11.0

SKY COVER
  POSSIBLE SUNSHINE    MM          AVERAGE SKY COVER     MM

WEATHER CONDITIONS
 THE FOLLOWING WEATHER WAS RECORDED YESTERDAY.
 FOG


RELATIVE HUMIDITY
 HIGHEST RH     MM PERCENT       MM
 LOWEST  RH     MM PERCENT       MM
 AVERAGE RH     MM PERCENT       MM
...................................................................

THE KOTZEBUE CLIMATE NORMALS FOR TODAY
                           NORMAL    RECORD   YEAR
 MAXIMUM TEMPERATURE (F)     29        48     1988
 MINIMUM TEMPERATURE (F)     14       -17     1973

SUNRISE AND SUNSET
 APR 27 2015..........SUNRISE  6:17 AM      SUNSET 11:23 PM
 APR 28 2015..........SUNRISE  6:12 AM      SUNSET 11:27 PM

-  INDICATES NEGATIVE NUMBERS.
R  INDICATES RECORD HAS BEEN SET OR TIED.
MM INDICATES DATA IS MISSING.
T  INDICATES TRACE OF PRECIPITATION.

&&
-------------------------------------------------------------------

AMOUNT OF DAYLIGHT TODAY  (HOUR:MIN)........17 HOURS 6 MINUTES
GAIN/LOSS SINCE YESTERDAY (HOUR:MIN:SEC)....+0:08:03

$$


APR 15
