000
CDUS43 KDDC 281006
CLIP28


CLIMATE REPORT
NATIONAL WEATHER SERVICE DODGE CITY KS
506 AM CDT TUE APR 28 2015


...................................

...THE MEDICINE LODGE KS CLIMATE SUMMARY FOR APRIL 27 2015...

CLIMATE NORMAL PERIOD 1981 TO 2010
CLIMATE RECORD PERIOD 1893 TO 2015


WEATHER ITEM   OBSERVED TIME   RECORD YEAR NORMAL DEPARTURE LAST
                VALUE   (LST)  VALUE       VALUE  FROM      YEAR
                                                  NORMAL
..................................................................
TEMPERATURE (F)
 YESTERDAY
  MAXIMUM         57    622 PM  99    1956  72    -15       80
  MINIMUM         45   1157 PM  30    1967  48     -3       53
  AVERAGE         51                        60     -9       67

PRECIPITATION (IN)
  YESTERDAY        0.25          2.25 1976   0.11   0.14     0.00
  MONTH TO DATE    3.48                      2.14   1.34     0.63
  SINCE MAR 1      3.86                      4.40  -0.54     1.12
  SINCE JAN 1      5.17                      6.15  -0.98     2.07

SNOWFALL (IN)
  YESTERDAY        0.0          MM      MM   0.0             0.0
  MONTH TO DATE    0.0                       0.0             1.5
  SINCE MAR 1      0.3                       0.1             5.5
  SINCE JUL 1     13.2                       8.5            28.5
  SNOW DEPTH       0

DEGREE DAYS
 HEATING
  YESTERDAY       14                         6      8        0
  MONTH TO DATE  166                       272   -106      228
  SINCE MAR 1    626                       840   -214      952
  SINCE JUL 1   4200                      4369   -169     4903

 COOLING
  YESTERDAY        0                         1     -1        2
  MONTH TO DATE   32                        19     13       29
  SINCE MAR 1     32                        21     11       29
  SINCE JAN 1     32                        21     11       29
..................................................................


WIND (MPH)
  HIGHEST WIND SPEED    25   HIGHEST WIND DIRECTION    NE (40)
  HIGHEST GUST SPEED    32   HIGHEST GUST DIRECTION    NE (40)
  AVERAGE WIND SPEED    12.3




RELATIVE HUMIDITY (PERCENT)
 HIGHEST    93           200 AM
 LOWEST     47           400 PM
 AVERAGE    70

..........................................................


THE MEDICINE LODGE KS CLIMATE NORMALS FOR TODAY
                         NORMAL    RECORD    YEAR
 MAXIMUM TEMPERATURE (F)   73        96      1910
 MINIMUM TEMPERATURE (F)   48        31      1979


SUNRISE AND SUNSET
APRIL 28 2015.........SUNRISE   643 AM CDT   SUNSET   821 PM CDT
APRIL 29 2015.........SUNRISE   642 AM CDT   SUNSET   822 PM CDT


-  INDICATES NEGATIVE NUMBERS.
R  INDICATES RECORD WAS SET OR TIED.
MM INDICATES DATA IS MISSING.
T  INDICATES TRACE AMOUNT.




$$
