000
CDUS46 KPDT 020049
CLIPDT

CLIMATE REPORT
NATIONAL WEATHER SERVICE PENDLETON OR
549 PM PDT WED APR 1 2015


...................................

...THE PENDLETON OR CLIMATE SUMMARY FOR APRIL 1 2015...
VALID TODAY AS OF 0500 PM LOCAL TIME.

CLIMATE NORMAL PERIOD 1981 TO 2010
CLIMATE RECORD PERIOD 1890 TO 2015


WEATHER ITEM   OBSERVED TIME   RECORD YEAR NORMAL DEPARTURE LAST
                VALUE   (LST)  VALUE       VALUE  FROM      YEAR
                                                  NORMAL
..................................................................
TEMPERATURE (F)
 TODAY
  MAXIMUM         55    342 PM  76    1921  59     -4       53
                                      1900
  MINIMUM         39    614 AM  18    1936  38      1       38
  AVERAGE         47                        48     -1       46

PRECIPITATION (IN)
  TODAY            0.00          0.92 1978   0.04  -0.04     0.00
  MONTH TO DATE    0.00                      0.04  -0.04     0.00
  SINCE OCT 1      7.44                      7.90  -0.46     6.41
  SINCE JAN 1      2.74                      3.90  -1.16     4.62

SNOWFALL (IN)
  TODAY            0.0           0.8  1935   0.0    0.0      0.0
  MONTH TO DATE    0.0                       0.0    0.0      0.0
  SINCE JAN 1      0.4                       7.7   -7.3     15.2
  SINCE JUL 1      7.2                      15.2   -8.0     21.7
  SNOW DEPTH       0

DEGREE DAYS
 HEATING
  TODAY           18                        17      1       19
  MONTH TO DATE   18                        17      1       19
  SINCE MAR 1    488                       634   -146      620
  SINCE JUL 1   3981                      4533   -552     4885

 COOLING
  TODAY            0                         0      0        0
  MONTH TO DATE    0                         0      0        0
  SINCE MAR 1      0                         0      0        0
  SINCE JAN 1      0                         0      0        0
..................................................................


WIND (MPH)
  HIGHEST WIND SPEED    29   HIGHEST WIND DIRECTION     W (260)
  HIGHEST GUST SPEED    36   HIGHEST GUST DIRECTION     W (280)
  AVERAGE WIND SPEED    17.9


SKY COVER
  POSSIBLE SUNSHINE  MM
  AVERAGE SKY COVER 0.1


WEATHER CONDITIONS
 THE FOLLOWING WEATHER WAS RECORDED TODAY.
  NO SIGNIFICANT WEATHER WAS OBSERVED.


RELATIVE HUMIDITY (PERCENT)
 HIGHEST    64           500 AM
 LOWEST     29           200 PM
 AVERAGE    47

..........................................................


THE PENDLETON OR CLIMATE NORMALS FOR TOMORROW
                         NORMAL    RECORD    YEAR
 MAXIMUM TEMPERATURE (F)   59        84      1944
 MINIMUM TEMPERATURE (F)   38        20      1935


SUNRISE AND SUNSET
APRIL  1 2015.........SUNRISE   636 AM PDT   SUNSET   723 PM PDT
APRIL  2 2015.........SUNRISE   634 AM PDT   SUNSET   725 PM PDT


-  INDICATES NEGATIVE NUMBERS.
R  INDICATES RECORD WAS SET OR TIED.
MM INDICATES DATA IS MISSING.
T  INDICATES TRACE AMOUNT.

$$
