000
CDUS46 KPQR 070221
CLIPDX


CLIMATE REPORT
NATIONAL WEATHER SERVICE PORTLAND OREGON
720 PM PDT WED MAY 6 2015


...................................

...THE PORTLAND OR CLIMATE SUMMARY FOR MAY 6 2015...
VALID TODAY AS OF 0700 PM LOCAL TIME.

CLIMATE NORMAL PERIOD 1981 TO 2010
CLIMATE RECORD PERIOD 1940 TO 2015


WEATHER ITEM   OBSERVED TIME   RECORD YEAR NORMAL DEPARTURE LAST
                VALUE   (LST)  VALUE       VALUE  FROM      YEAR
                                                  NORMAL
..................................................................
TEMPERATURE (F)
 TODAY
  MAXIMUM         63    443 PM  91    1987  66     -3       65
  MINIMUM         47    451 AM  36    1965  47      0       48
  AVERAGE         55                        56     -1       57

PRECIPITATION (IN)
  TODAY            0.05          0.80 1963   0.08  -0.03     0.00
  MONTH TO DATE    0.07                      0.47  -0.40     0.37
  SINCE OCT 1     28.55                     29.54  -0.99    24.56
  SINCE JAN 1     13.57                     15.42  -1.85    18.74

DEGREE DAYS
 HEATING
  TODAY           10                         9      1        8
  MONTH TO DATE   40                        58    -18       34
  SINCE MAR 1    783                       963   -180      850
  SINCE JUL 1   3255                      4021   -766     4148

 COOLING
  TODAY            0                         0      0        0
  MONTH TO DATE    0                         0      0        6
  SINCE MAR 1      2                         1      1        9
  SINCE JAN 1      2                         1      1        9
..................................................................


WIND (MPH)
  HIGHEST WIND SPEED    20   HIGHEST WIND DIRECTION    NW (310)
  HIGHEST GUST SPEED    27   HIGHEST GUST DIRECTION    NW (310)
  AVERAGE WIND SPEED     9.0



WEATHER CONDITIONS
 THE FOLLOWING WEATHER WAS RECORDED TODAY.
  LIGHT RAIN
  FOG


RELATIVE HUMIDITY (PERCENT)
 HIGHEST    86           400 AM
 LOWEST     39           300 PM
 AVERAGE    63

..........................................................


THE PORTLAND OR CLIMATE NORMALS FOR TOMORROW
                         NORMAL    RECORD    YEAR
 MAXIMUM TEMPERATURE (F)   66        93      1987
 MINIMUM TEMPERATURE (F)   47        36      1965


SUNRISE AND SUNSET
MAY  6 2015...........SUNRISE   551 AM PDT   SUNSET   824 PM PDT
MAY  7 2015...........SUNRISE   550 AM PDT   SUNSET   825 PM PDT


-  INDICATES NEGATIVE NUMBERS.
R  INDICATES RECORD WAS SET OR TIED.
MM INDICATES DATA IS MISSING.
T  INDICATES TRACE AMOUNT.




$$
