000
CDUS41 KPHI 052131
CLIPHL


CLIMATE REPORT
NATIONAL WEATHER SERVICE MOUNT HOLLY NJ
530 PM EDT TUE MAY 5 2015


...................................

...THE PHILADELPHIA PA CLIMATE SUMMARY FOR MAY 5 2015...
VALID TODAY AS OF 0500 PM LOCAL TIME.

CLIMATE NORMAL PERIOD 1981 TO 2010
CLIMATE RECORD PERIOD 1872 TO 2015


WEATHER ITEM   OBSERVED TIME   RECORD YEAR NORMAL DEPARTURE LAST
                VALUE   (LST)  VALUE       VALUE  FROM      YEAR
                                                  NORMAL
..................................................................
TEMPERATURE (F)
 TODAY
  MAXIMUM         85    324 PM  90    1928  71     14       69
  MINIMUM         62    518 AM  33    1966  51     11       49
  AVERAGE         74                        60     14       59

PRECIPITATION (IN)
  TODAY            0.00          1.80 1948   0.11  -0.11     0.00
  MONTH TO DATE    0.00                      0.54  -0.54     0.13
  SINCE MAR 1      9.10                      7.89   1.21    11.05
  SINCE JAN 1     15.98                     13.57   2.41    19.72

SNOWFALL (IN)
  TODAY            0.0           0.0  1870   0.0    0.0      0.0
  MONTH TO DATE    0.0                       0.0    0.0      0.0
  SINCE MAR 1     12.0                       3.4    8.6      8.5
  SINCE JUL 1     27.0                      22.4    4.6     68.0
  SNOW DEPTH       0

DEGREE DAYS
 HEATING
  TODAY            0                         6     -6        6
  MONTH TO DATE   12                        31    -19       19
  SINCE MAR 1   1091                      1039     52     1159
  SINCE JUL 1   4744                      4521    223     4815

 COOLING
  TODAY            9                         1      8        0
  MONTH TO DATE   14                         5      9        6
  SINCE MAR 1     17                        18     -1       15
  SINCE JAN 1     17                        18     -1       15
..................................................................


WIND (MPH)
  HIGHEST WIND SPEED    18   HIGHEST WIND DIRECTION    SW (240)
  HIGHEST GUST SPEED    21   HIGHEST GUST DIRECTION    SW (240)
  AVERAGE WIND SPEED     8.0


SKY COVER
  POSSIBLE SUNSHINE  MM
  AVERAGE SKY COVER 0.5


WEATHER CONDITIONS
 THE FOLLOWING WEATHER WAS RECORDED TODAY.
  NO SIGNIFICANT WEATHER WAS OBSERVED.


RELATIVE HUMIDITY (PERCENT)
 HIGHEST    72           500 AM
 LOWEST     37           200 PM
 AVERAGE    55

..........................................................


THE PHILADELPHIA PA CLIMATE NORMALS FOR TOMORROW
                         NORMAL    RECORD    YEAR
 MAXIMUM TEMPERATURE (F)   71        90      1986
 MINIMUM TEMPERATURE (F)   51        36      1891


SUNRISE AND SUNSET
MAY  5 2015...........SUNRISE   557 AM EDT   SUNSET   759 PM EDT
MAY  6 2015...........SUNRISE   556 AM EDT   SUNSET   800 PM EDT


-  INDICATES NEGATIVE NUMBERS.
R  INDICATES RECORD WAS SET OR TIED.
MM INDICATES DATA IS MISSING.
T  INDICATES TRACE AMOUNT.




$$
