000
CDUS43 KUNR 270831
CLIPHP


CLIMATE REPORT
NATIONAL WEATHER SERVICE RAPID CITY SD
231 AM MDT MON APR 27 2015


...................................

...THE PHILIP SD CLIMATE SUMMARY FOR APRIL 26 2015...

CLIMATE NORMAL PERIOD 1981 TO 2010
CLIMATE RECORD PERIOD 9999 TO 9999


WEATHER ITEM   OBSERVED TIME   NORMAL DEPARTURE LAST
                VALUE   (LST)  VALUE  FROM      YEAR
                                      NORMAL
......................................................
TEMPERATURE (F)
 YESTERDAY
  MAXIMUM         62    412 PM  64     -2       71
  MINIMUM         49   1159 PM  36     13       47
  AVERAGE         56            50      6       59

PRECIPITATION (IN)
  YESTERDAY        T             0.08  -0.08     0.00
  MONTH TO DATE    0.33          1.47  -1.14     0.54
  SINCE MAR 1      0.42          2.74  -2.32     1.08
  SINCE JAN 1      0.53          3.52  -2.99     1.56

DEGREE DAYS
 HEATING
  YESTERDAY        9            15     -6        6
  MONTH TO DATE  460           506    -46      475
  SINCE MAR 1   1190          1444   -254     1465
  SINCE JUL 1   6330          6809   -479     7068

 COOLING
  YESTERDAY        0             0      0        0
  MONTH TO DATE    0             0      0        0
  SINCE MAR 1      3             0      3        0
  SINCE JAN 1      3             0      3        0
......................................................


WIND (MPH)
  HIGHEST WIND SPEED    20   HIGHEST WIND DIRECTION    SE (140)
  HIGHEST GUST SPEED    27   HIGHEST GUST DIRECTION    SE (150)
  AVERAGE WIND SPEED     8.3


SKY COVER
  AVERAGE SKY COVER 0.6


WEATHER CONDITIONS
 THE FOLLOWING WEATHER WAS RECORDED YESTERDAY.
  LIGHT RAIN
  FOG


RELATIVE HUMIDITY (PERCENT)
 HIGHEST    93           200 AM
 LOWEST     42           500 PM
 AVERAGE    68

..........................................................




SUNRISE AND SUNSET
APRIL 27 2015.........SUNRISE   544 AM MDT   SUNSET   745 PM MDT
APRIL 28 2015.........SUNRISE   543 AM MDT   SUNSET   746 PM MDT


-  INDICATES NEGATIVE NUMBERS.
R  INDICATES RECORD WAS SET OR TIED.
MM INDICATES DATA IS MISSING.
T  INDICATES TRACE AMOUNT.




$$
