000
CDUS45 KPSR 250831
CLIPHX

CLIMATE REPORT
NATIONAL WEATHER SERVICE PHOENIX AZ
131 AM MST SAT APR 25 2015


...................................

...THE PHOENIX AZ CLIMATE SUMMARY FOR APRIL 24 2015...

CLIMATE NORMAL PERIOD 1981 TO 2010
CLIMATE RECORD PERIOD 1895 TO 2015


WEATHER ITEM   OBSERVED TIME   RECORD YEAR NORMAL DEPARTURE LAST
                VALUE   (LST)  VALUE       VALUE  FROM      YEAR
                                                  NORMAL
..................................................................
TEMPERATURE (F)
 YESTERDAY
  MAXIMUM         78    430 PM  99    1987  88    -10       91
                                      1949
                                      1898
  MINIMUM         62    717 AM  41    1923  63     -1       62
  AVERAGE         70                        75     -5       77

PRECIPITATION (IN)
  YESTERDAY        0.02          0.17 1990   0.00   0.02     0.00
  MONTH TO DATE    0.02                      0.25  -0.23      T
  SINCE OCT 1      2.21                      5.18  -2.97     3.81
  SINCE JAN 1      1.17                      3.07  -1.90     0.99

SNOWFALL (IN)
  YESTERDAY        0.0
  MONTH TO DATE    0.0
  SINCE JAN 1      0.0
  SINCE JUL 1      0.0
  SNOW DEPTH       0

DEGREE DAYS
 HEATING
  YESTERDAY        0                         0      0        0
  MONTH TO DATE    0                        17    -17        5
  SINCE MAR 1     25                        98    -73       12
  SINCE JUL 1    520                       931   -411      546

 COOLING
  YESTERDAY        5                        11     -6       12
  MONTH TO DATE  221                       182     39      252
  SINCE MAR 1    476                       269    207      389
  SINCE JAN 1    524                       286    238      451
..................................................................


WIND (MPH)
  HIGHEST WIND SPEED    23   HIGHEST WIND DIRECTION    SW (240)
  HIGHEST GUST SPEED    27   HIGHEST GUST DIRECTION     W (260)
  AVERAGE WIND SPEED     6.2


SKY COVER
  AVERAGE SKY COVER 0.6


WEATHER CONDITIONS
 THE FOLLOWING WEATHER WAS RECORDED YESTERDAY.
  LIGHT RAIN


RELATIVE HUMIDITY (PERCENT)
 HIGHEST    63           900 AM
 LOWEST     31          1200 AM
 AVERAGE    47

..........................................................


THE PHOENIX AZ CLIMATE NORMALS FOR TODAY
                         NORMAL    RECORD    YEAR
 MAXIMUM TEMPERATURE (F)   88       102      1898
 MINIMUM TEMPERATURE (F)   63        41      1964


SUNRISE AND SUNSET
APRIL 25 2015.........SUNRISE   546 AM MST   SUNSET   706 PM MST
APRIL 26 2015.........SUNRISE   545 AM MST   SUNSET   707 PM MST


-  INDICATES NEGATIVE NUMBERS.
R  INDICATES RECORD WAS SET OR TIED.
MM INDICATES DATA IS MISSING.
T  INDICATES TRACE AMOUNT.

&&
.....................................................................

DEW POINT
  HIGHEST DEW POINT    55
   LOWEST DEW POINT    38
  AVERAGE DEW POINT    46
.....................................................................

$$
