000
CDUS43 KILX 272137
CLIPIA


CLIMATE REPORT
NATIONAL WEATHER SERVICE LINCOLN IL
436 PM CDT MON APR 27 2015


...................................

...THE PEORIA IL CLIMATE SUMMARY FOR APRIL 27 2015...
VALID TODAY AS OF 0400 PM LOCAL TIME.

CLIMATE NORMAL PERIOD 1981 TO 2010
CLIMATE RECORD PERIOD 1883 TO 2015


WEATHER ITEM   OBSERVED TIME   RECORD YEAR NORMAL DEPARTURE LAST
                VALUE   (LST)  VALUE       VALUE  FROM      YEAR
                                                  NORMAL
..................................................................
TEMPERATURE (F)
 TODAY
  MAXIMUM         66    253 PM  86    1986  67     -1       76
                                      1956
                                      1894
  MINIMUM         37    431 AM  30    1932  46     -9       47
                                      1931
  AVERAGE         52                        56     -4       62

PRECIPITATION (IN)
  TODAY            0.00          1.54 2002   0.13  -0.13     0.46
  MONTH TO DATE    3.38                      3.24   0.14     3.30
  SINCE MAR 1      4.03                      6.04  -2.01     5.24
  SINCE JAN 1      7.75                      9.61  -1.86    10.11

SNOWFALL (IN)
  TODAY            0.0           0.0    MM   0.0    0.0      0.0
  MONTH TO DATE    0.0                       0.6   -0.6      0.3
  SINCE MAR 1      2.7                       3.3   -0.6      7.4
  SINCE JUL 1     27.0                      24.6    2.4     57.6
  SNOW DEPTH       0

DEGREE DAYS
 HEATING
  TODAY           13                         9      4        3
  MONTH TO DATE  247                       369   -122      325
  SINCE MAR 1    990                      1125   -135     1259
  SINCE JUL 1   5696                      5641     55     6438

 COOLING
  TODAY            0                         1     -1        0
  MONTH TO DATE   11                        10      1        6
  SINCE MAR 1     11                        11      0        6
  SINCE JAN 1     11                        11      0        6
..................................................................


WIND (MPH)
  HIGHEST WIND SPEED    17   HIGHEST WIND DIRECTION    NE (60)
  HIGHEST GUST SPEED    24   HIGHEST GUST DIRECTION     N (360)
  AVERAGE WIND SPEED     7.2


SKY COVER
  POSSIBLE SUNSHINE  MM
  AVERAGE SKY COVER 0.0


WEATHER CONDITIONS
 THE FOLLOWING WEATHER WAS RECORDED TODAY.
  NO SIGNIFICANT WEATHER WAS OBSERVED.


RELATIVE HUMIDITY (PERCENT)
 HIGHEST    85           300 AM
 LOWEST     34           300 PM
 AVERAGE    60

..........................................................


THE PEORIA IL CLIMATE NORMALS FOR TOMORROW
                         NORMAL    RECORD    YEAR
 MAXIMUM TEMPERATURE (F)   68        91      1894
 MINIMUM TEMPERATURE (F)   46        30      1928


SUNRISE AND SUNSET
APRIL 27 2015.........SUNRISE   603 AM CDT   SUNSET   750 PM CDT
APRIL 28 2015.........SUNRISE   602 AM CDT   SUNSET   751 PM CDT


-  INDICATES NEGATIVE NUMBERS.
R  INDICATES RECORD WAS SET OR TIED.
MM INDICATES DATA IS MISSING.
T  INDICATES TRACE AMOUNT.




$$
