000
CDUS41 KPBZ 052140
CLIPIT

CLIMATE REPORT
NATIONAL WEATHER SERVICE PITTSBURGH PA
540 PM EDT TUE MAY 5 2015

...................................

...THE PITTSBURGH PA CLIMATE SUMMARY FOR MAY 5 2015...
VALID TODAY AS OF 0500 PM LOCAL TIME.

CLIMATE NORMAL PERIOD 1981 TO 2010
CLIMATE RECORD PERIOD 1871 TO 2015

WEATHER ITEM   OBSERVED TIME   RECORD YEAR NORMAL DEPARTURE LAST
                VALUE   (LST)  VALUE       VALUE  FROM      YEAR
                                                  NORMAL
..................................................................
TEMPERATURE (F)
 TODAY
  MAXIMUM         74    336 PM  90    1949  68      6       59
  MINIMUM         59    410 AM  32    2005  46     13       35
                                      1979
                                      1961
  AVERAGE         67                        57     10       47

PRECIPITATION (IN)
  TODAY            0.29          2.12 1950   0.11   0.18     0.00
  MONTH TO DATE    0.31                      0.54  -0.23     0.08
  SINCE JUN 1     33.82                     34.78  -0.96    35.16
  SINCE JAN 1     12.07                     11.69   0.38    10.85

SNOWFALL (IN)
  TODAY            0.0           0.0  2002   0.0    0.0      0.0
                                      2001
  MONTH TO DATE    0.0                       0.0    0.0      0.0
  SINCE OCT 1     47.5                      41.9    5.6     63.4
  SINCE JUL 1     47.5                      41.9    5.6     63.4
  SNOW DEPTH       0

DEGREE DAYS
 HEATING
  TODAY            0                         9     -9       18
  MONTH TO DATE   15                        46    -31       62
  SINCE MAR 1   1272                      1265      7     1389
  SINCE JUL 1   5940                      5522    418     5920

 COOLING
  TODAY            2                         1      1        0
  MONTH TO DATE    3                         4     -1        0
  SINCE MAR 1      4                        14    -10       10
  SINCE JAN 1      4                        14    -10       10
..................................................................

WIND (MPH)
  HIGHEST WIND SPEED    14   HIGHEST WIND DIRECTION     W (270)
  HIGHEST GUST SPEED    19   HIGHEST GUST DIRECTION     W (280)
  AVERAGE WIND SPEED     2.7


SKY COVER
  POSSIBLE SUNSHINE  MM
  AVERAGE SKY COVER 0.9


WEATHER CONDITIONS
 THE FOLLOWING WEATHER WAS RECORDED TODAY.
  HEAVY RAIN
  RAIN
  LIGHT RAIN
  FOG


RELATIVE HUMIDITY (PERCENT)
 HIGHEST    93          1200 AM
 LOWEST     57           300 PM
 AVERAGE    75

..........................................................


THE PITTSBURGH PA CLIMATE NORMALS FOR TOMORROW
                         NORMAL    RECORD    YEAR
 MAXIMUM TEMPERATURE (F)   68        89      1949
                                             1895
 MINIMUM TEMPERATURE (F)   46        29      1968


SUNRISE AND SUNSET
MAY  5 2015...........SUNRISE   615 AM EDT   SUNSET   820 PM EDT
MAY  6 2015...........SUNRISE   614 AM EDT   SUNSET   821 PM EDT


-  INDICATES NEGATIVE NUMBERS.
R  INDICATES RECORD WAS SET OR TIED.
MM INDICATES DATA IS MISSING.
T  INDICATES TRACE AMOUNT.

&&

SNOW DEPTH IS MEASURED AT 7 AM EST OR 8 AM EDT.

$$
