000
CDUS46 KLOX 210903
CLIPMD


CLIMATE REPORT
NATIONAL WEATHER SERVICE LOS ANGELES/OXNARD CA
203 AM PDT TUE APR 21 2015


...................................

...THE PALMDALE AIRPORT CA CLIMATE SUMMARY FOR APRIL 20 2015...

CLIMATE NORMAL PERIOD 1981 TO 2010
CLIMATE RECORD PERIOD 1931 TO 2015


WEATHER ITEM   OBSERVED TIME   RECORD YEAR NORMAL DEPARTURE LAST
                VALUE   (LST)  VALUE       VALUE  FROM      YEAR
                                                  NORMAL
..................................................................
TEMPERATURE (F)
 YESTERDAY
  MAXIMUM         83    134 PM  94    2009  74      9       86
                                      1950
  MINIMUM         53    504 AM  28    1966  45      8       51
  AVERAGE         68                        59      9       69

PRECIPITATION (IN)
  YESTERDAY        0.00          0.70 1988   0.02  -0.02     0.00
  MONTH TO DATE    T                         0.34  -0.34     0.11
  SINCE OCT 1      4.04                      7.30  -3.26     4.01
  SINCE JAN 1      1.47                      4.85  -3.38     2.07

SNOWFALL (IN)
  YESTERDAY        0.0           0.0  1973  MM               0.0
  MONTH TO DATE    0.0                      MM               0.0
  SINCE MAR 1      0.0                      MM               0.0
  SINCE JUL 1      0.0                      MM               0.0
  SNOW DEPTH       0

DEGREE DAYS
 HEATING
  YESTERDAY        0                         7     -7        0
  MONTH TO DATE  123                       176    -53       86
  SINCE MAR 1    307                       552   -245      349
  SINCE JUL 1   1962                      2797   -835     2247

 COOLING
  YESTERDAY        3                         1      2        4
  MONTH TO DATE   11                         5      6       39
  SINCE MAR 1     19                         7     12       39
  SINCE JAN 1     19                         7     12       40
..................................................................


WIND (MPH)
  HIGHEST WIND SPEED    28   HIGHEST WIND DIRECTION    SW (230)
  HIGHEST GUST SPEED    33   HIGHEST GUST DIRECTION    SW (220)
  AVERAGE WIND SPEED    12.6


SKY COVER
  POSSIBLE SUNSHINE  MM
  AVERAGE SKY COVER 0.0


WEATHER CONDITIONS
 THE FOLLOWING WEATHER WAS RECORDED YESTERDAY.
  NO SIGNIFICANT WEATHER WAS OBSERVED.


RELATIVE HUMIDITY (PERCENT)
 HIGHEST    38           500 AM
 LOWEST     13           100 PM
 AVERAGE    26

..........................................................


THE PALMDALE AIRPORT CA CLIMATE NORMALS FOR TODAY
                         NORMAL    RECORD    YEAR
 MAXIMUM TEMPERATURE (F)   74        95      2012
 MINIMUM TEMPERATURE (F)   45        32      1984


SUNRISE AND SUNSET
APRIL 21 2015.........SUNRISE   614 AM PDT   SUNSET   729 PM PDT
APRIL 22 2015.........SUNRISE   612 AM PDT   SUNSET   730 PM PDT


-  INDICATES NEGATIVE NUMBERS.
R  INDICATES RECORD WAS SET OR TIED.
MM INDICATES DATA IS MISSING.
T  INDICATES TRACE AMOUNT.




$$
