000
CDUS46 KPDT 180828
CLIPSC

CLIMATE REPORT
NATIONAL WEATHER SERVICE PENDLETON OR
125 AM PDT SAT APR 18 2015


...................................

...THE PASCO WA CLIMATE SUMMARY FOR APRIL 17 2015...

CLIMATE NORMAL PERIOD 1981 TO 2010
CLIMATE RECORD PERIOD 1948 TO 2015


WEATHER ITEM   OBSERVED TIME   RECORD YEAR NORMAL DEPARTURE LAST
                VALUE   (LST)  VALUE       VALUE  FROM      YEAR
                                                  NORMAL
..................................................................
TEMPERATURE (F)
 YESTERDAY
  MAXIMUM         76    501 PM  89    1994  68      8       57
  MINIMUM         32    530 AM  22    2013  38     -6       51
  AVERAGE         54                        53      1       54

PRECIPITATION (IN)
  YESTERDAY        0.00          0.40 1969   0.02  -0.02     0.10
  MONTH TO DATE    0.18                      0.40  -0.22     0.12
  SINCE OCT 1      4.27                      6.22  -1.95     2.44
  SINCE JAN 1      1.90                      3.27  -1.37     1.86

SNOWFALL (IN)
  YESTERDAY        0.0
  SNOW DEPTH       0

DEGREE DAYS
 HEATING
  YESTERDAY       11                        12     -1       11
  MONTH TO DATE  263                       225     38      170
  SINCE MAR 1    712                       803    -91      729
  SINCE JUL 1   4168                      4686   -518     4958

 COOLING
  YESTERDAY        0                         0      0        0
  MONTH TO DATE    0                         0      0        0
  SINCE MAR 1      0                         0      0        0
  SINCE JAN 1      0                         0      0        0
..................................................................


WIND (MPH)
  RESULTANT WIND SPEED   1   RESULTANT WIND DIRECTION  NW (320)
  HIGHEST WIND SPEED    21   HIGHEST WIND DIRECTION    NW (320)
  HIGHEST GUST SPEED    27   HIGHEST GUST DIRECTION    NW (320)


SKY COVER
  POSSIBLE SUNSHINE  MM
  AVERAGE SKY COVER 0.0


WEATHER CONDITIONS
 THE FOLLOWING WEATHER WAS RECORDED YESTERDAY.
  NO SIGNIFICANT WEATHER WAS OBSERVED.


RELATIVE HUMIDITY (PERCENT)
 HIGHEST    96
 LOWEST     21
 AVERAGE    59

..........................................................


THE PASCO WA CLIMATE NORMALS FOR TODAY
                         NORMAL    RECORD    YEAR
 MAXIMUM TEMPERATURE (F)   68        89      1994
 MINIMUM TEMPERATURE (F)   39        30      2002


SUNRISE AND SUNSET
APRIL 18 2015.........SUNRISE   605 AM PDT   SUNSET   748 PM PDT
APRIL 19 2015.........SUNRISE   603 AM PDT   SUNSET   749 PM PDT


-  INDICATES NEGATIVE NUMBERS.
R  INDICATES RECORD WAS SET OR TIED.
MM INDICATES DATA IS MISSING.
T  INDICATES TRACE AMOUNT.




$$
