000
CDUS45 KPUB 061049
CLIPUB


CLIMATE REPORT
NATIONAL WEATHER SERVICE PUEBLO
449 AM MDT WED MAY 6 2015


...................................

...THE PUEBLO CO CLIMATE SUMMARY FOR MAY 5 2015...

CLIMATE NORMAL PERIOD 1981 TO 2010
CLIMATE RECORD PERIOD 1888 TO 2015


WEATHER ITEM   OBSERVED TIME   RECORD YEAR NORMAL DEPARTURE LAST
                VALUE   (LST)  VALUE       VALUE  FROM      YEAR
                                                  NORMAL
..................................................................
TEMPERATURE (F)
 YESTERDAY
  MAXIMUM         55    532 PM  94    2000  74    -19       86
  MINIMUM         49    939 PM  27    2011  41      8       54
  AVERAGE         52                        57     -5       70

PRECIPITATION (IN)
  YESTERDAY        0.91          1.19 2001   0.05   0.86     0.00
  MONTH TO DATE    0.93                      0.26   0.67     0.00
  SINCE MAR 1      2.92                      2.59   0.33     2.82
  SINCE JAN 1      4.30                      3.24   1.06     3.55

SNOWFALL (IN)
  YESTERDAY        0.0           4.2  1917   0.0    0.0      0.0
  MONTH TO DATE    0.0                       0.2   -0.2      0.0
  SINCE MAR 1      1.7                       9.7   -8.0     10.7
  SINCE JUL 1     42.8                      31.5   11.3     29.3
  SNOW DEPTH       0

DEGREE DAYS
 HEATING
  YESTERDAY       13                         8      5        0
  MONTH TO DATE   20                        45    -25       24
  SINCE MAR 1   1008                      1182   -174     1076
  SINCE JUL 1   5030                      5485   -455     5281

 COOLING
  YESTERDAY        0                         0      0        5
  MONTH TO DATE    1                         0      1        6
  SINCE MAR 1      1                         2     -1        8
  SINCE JAN 1      1                         2     -1        8
..................................................................


WIND (MPH)
  HIGHEST WIND SPEED    21   HIGHEST WIND DIRECTION     E (110)
  HIGHEST GUST SPEED    25   HIGHEST GUST DIRECTION     E (110)
  AVERAGE WIND SPEED     9.6


SKY COVER
  POSSIBLE SUNSHINE  MM
  AVERAGE SKY COVER 1.0


WEATHER CONDITIONS
 THE FOLLOWING WEATHER WAS RECORDED YESTERDAY.
  HEAVY RAIN
  RAIN
  LIGHT RAIN
  FOG


RELATIVE HUMIDITY (PERCENT)
 HIGHEST   100           300 AM
 LOWEST     83           700 PM
 AVERAGE    92

..........................................................


THE PUEBLO CO CLIMATE NORMALS FOR TODAY
                         NORMAL    RECORD    YEAR
 MAXIMUM TEMPERATURE (F)   74        91      2004
 MINIMUM TEMPERATURE (F)   41        29      1917


SUNRISE AND SUNSET
MAY  6 2015...........SUNRISE   556 AM MDT   SUNSET   754 PM MDT
MAY  7 2015...........SUNRISE   555 AM MDT   SUNSET   755 PM MDT


-  INDICATES NEGATIVE NUMBERS.
R  INDICATES RECORD WAS SET OR TIED.
MM INDICATES DATA IS MISSING.
T  INDICATES TRACE AMOUNT.




$$
