000
CDUS46 KOTX 040835
CLIPUW


CLIMATE REPORT
NATIONAL WEATHER SERVICE SPOKANE, WA
135 AM PDT MON MAY 4 2015


...................................

...THE PULLMAN-MOSCOW  AIRPORT CLIMATE SUMMARY FOR MAY 3 2015...

CLIMATE NORMAL PERIOD 1981 TO 2010
CLIMATE RECORD PERIOD 9999 TO 9999


WEATHER ITEM   OBSERVED TIME   RECORD YEAR NORMAL DEPARTURE LAST
                VALUE   (LST)  VALUE       VALUE  FROM      YEAR
                                                  NORMAL
..................................................................
TEMPERATURE (F)
 YESTERDAY
  MAXIMUM         70    255 PM  86    1966  62      8       61
  MINIMUM         29    411 AM  28    2006  39    -10       50
  AVERAGE         50                        50      0       56

PRECIPITATION (IN)
  YESTERDAY        0.00          0.48 1948   0.05  -0.05      T
  MONTH TO DATE    0.00                      0.16  -0.16      T
  SINCE OCT 1     13.68                     12.31   1.37    12.05
  SINCE JAN 1      6.83                      7.11  -0.28     8.71

SNOWFALL (IN)
  YESTERDAY       MM

DEGREE DAYS
 HEATING
  YESTERDAY       15                        15      0        9
  MONTH TO DATE   39                        45     -6       20
  SINCE MAR 1   1209                      1369   -160     1293
  SINCE JUL 1   5040                      6072  -1032     6144

 COOLING
  YESTERDAY        0                         0      0        0
  MONTH TO DATE    0                         0      0        0
  SINCE MAR 1      0                         0      0        0
  SINCE JAN 1      0                         0      0        0
..................................................................


WIND (MPH)
  HIGHEST WIND SPEED    12   HIGHEST WIND DIRECTION    NW (330)
  HIGHEST GUST SPEED    16   HIGHEST GUST DIRECTION     N (340)
  AVERAGE WIND SPEED     2.7


SKY COVER
  POSSIBLE SUNSHINE  MM
  AVERAGE SKY COVER 0.0


WEATHER CONDITIONS
 THE FOLLOWING WEATHER WAS RECORDED YESTERDAY.
  NO SIGNIFICANT WEATHER WAS OBSERVED.


RELATIVE HUMIDITY (PERCENT)
 HIGHEST    78           300 AM
 LOWEST     17           400 PM
 AVERAGE    48

..........................................................


THE PULLMAN-MOSCOW  AIRPORT CLIMATE NORMALS FOR TODAY
                         NORMAL    RECORD    YEAR
 MAXIMUM TEMPERATURE (F)   62        88      1966
 MINIMUM TEMPERATURE (F)   39        28      2007


SUNRISE AND SUNSET
MAY  4 2015...........SUNRISE   529 AM PDT   SUNSET   802 PM PDT
MAY  5 2015...........SUNRISE   528 AM PDT   SUNSET   803 PM PDT


-  INDICATES NEGATIVE NUMBERS.
R  INDICATES RECORD WAS SET OR TIED.
MM INDICATES DATA IS MISSING.
T  INDICATES TRACE AMOUNT.




$$
