000
CDUS41 KBOX 202131
CLIPVD


CLIMATE REPORT
NATIONAL WEATHER SERVICE TAUNTON MA
531 PM EDT MON APR 20 2015


...................................

...THE PROVIDENCE RI CLIMATE SUMMARY FOR APRIL 20 2015...
VALID TODAY AS OF 0500 PM LOCAL TIME.

CLIMATE NORMAL PERIOD 1981 TO 2010
CLIMATE RECORD PERIOD 1904 TO 2015


WEATHER ITEM   OBSERVED TIME   RECORD YEAR NORMAL DEPARTURE LAST
                VALUE   (LST)  VALUE       VALUE  FROM      YEAR
                                                  NORMAL
..................................................................
TEMPERATURE (F)
 TODAY
  MAXIMUM         53    359 PM  89    1976  60     -7       56
  MINIMUM         42    645 AM  24    1926  41      1       38
  AVERAGE         48                        51     -3       47

PRECIPITATION (IN)
  TODAY            0.65          0.86 1972   0.13   0.52     0.00
  MONTH TO DATE    1.95                      3.05  -1.10     3.38
  SINCE MAR 1      6.35                      8.06  -1.71    10.36
  SINCE JAN 1     12.70                     15.21  -2.51    18.76

SNOWFALL (IN)
  TODAY            0.0           T    1983   0.1   -0.1      0.0
  MONTH TO DATE    T                         0.6   -0.6      0.3
  SINCE MAR 1     16.3                       6.1   10.2      1.5
  SINCE JUL 1     76.2                      33.8   42.4     43.6
  SNOW DEPTH       0

DEGREE DAYS
 HEATING
  TODAY           17                        14      3       18
  MONTH TO DATE  337                       352    -15      329
  SINCE MAR 1   1329                      1161    168     1283
  SINCE JUL 1   5691                      5223    468     5555

 COOLING
  TODAY            0                         0      0        0
  MONTH TO DATE    0                         0      0        0
  SINCE MAR 1      0                         0      0        0
  SINCE JAN 1      0                         0      0        0
..................................................................


WIND (MPH)
  HIGHEST WIND SPEED    21   HIGHEST WIND DIRECTION     E (110)
  HIGHEST GUST SPEED    29   HIGHEST GUST DIRECTION    SE (120)
  AVERAGE WIND SPEED    10.3


SKY COVER
  POSSIBLE SUNSHINE  MM
  AVERAGE SKY COVER 0.6


WEATHER CONDITIONS
 THE FOLLOWING WEATHER WAS RECORDED TODAY.
  HEAVY RAIN
  RAIN
  LIGHT RAIN
  FOG


RELATIVE HUMIDITY (PERCENT)
 HIGHEST    93           100 PM
 LOWEST     80          1100 AM
 AVERAGE    87

..........................................................


THE PROVIDENCE RI CLIMATE NORMALS FOR TOMORROW
                         NORMAL    RECORD    YEAR
 MAXIMUM TEMPERATURE (F)   61        87      1957
 MINIMUM TEMPERATURE (F)   41        27      1908
                                             1907


SUNRISE AND SUNSET
APRIL 20 2015.........SUNRISE   558 AM EDT   SUNSET   732 PM EDT
APRIL 21 2015.........SUNRISE   557 AM EDT   SUNSET   733 PM EDT


-  INDICATES NEGATIVE NUMBERS.
R  INDICATES RECORD WAS SET OR TIED.
MM INDICATES DATA IS MISSING.
T  INDICATES TRACE AMOUNT.




$$
