000
CDUS43 KLOT 060645
CLIPWK


CLIMATE REPORT
NATIONAL WEATHER SERVICE CHICAGO IL
145 AM CDT WED MAY 6 2015


...................................

...THE CHICAGO EXECUTIVE CLIMATE SUMMARY FOR MAY 5 2015...

CLIMATE NORMAL PERIOD 1981 TO 2010
CLIMATE RECORD PERIOD 1996 TO 2015


WEATHER ITEM   OBSERVED TIME   RECORD YEAR NORMAL DEPARTURE LAST
                VALUE   (LST)  VALUE       VALUE  FROM      YEAR
                                                  NORMAL
..................................................................
TEMPERATURE (F)
 YESTERDAY
  MAXIMUM         55   1222 AM  83    2000  65    -10       52
  MINIMUM         46   1159 PM  35    2005  44      2       42
  AVERAGE         51                        55     -4       47

PRECIPITATION (IN)
  YESTERDAY        1.00R         0.21 1998   0.12   0.88      T
  MONTH TO DATE    1.21                      0.61   0.60     0.05
  SINCE MAR 1      4.68                      5.83  -1.15     3.48
  SINCE JAN 1      5.37                      8.41  -3.04     5.61

DEGREE DAYS
 HEATING
  YESTERDAY       14                        11      3       18
  MONTH TO DATE   33                        57    -24       72
  SINCE MAR 1   1451                      1432     19     1627
  SINCE JUL 1   6579                      6170    409     6986

 COOLING
  YESTERDAY        0                         0      0        0
  MONTH TO DATE    1                         0      1        0
  SINCE MAR 1      1                         4     -3        0
  SINCE JAN 1      1                         4     -3        0
..................................................................


WIND (MPH)
  RESULTANT WIND SPEED   7   RESULTANT WIND DIRECTION  NE (40)
  HIGHEST WIND SPEED    14   HIGHEST WIND DIRECTION    NE (60)
  HIGHEST GUST SPEED    20   HIGHEST GUST DIRECTION     E (70)
  AVERAGE WIND SPEED     7.0



WEATHER CONDITIONS
 THE FOLLOWING WEATHER WAS RECORDED YESTERDAY.
  HEAVY RAIN
  RAIN
  LIGHT RAIN
  FOG
  FOG W/VISIBILITY <= 1/4 MILE


..........................................................


THE CHICAGO EXECUTIVE CLIMATE NORMALS FOR TODAY
                         NORMAL    RECORD    YEAR
 MAXIMUM TEMPERATURE (F)   66        85      2000
 MINIMUM TEMPERATURE (F)   44        38      2006


SUNRISE AND SUNSET
MAY  6 2015...........SUNRISE   541 AM CDT   SUNSET   756 PM CDT
MAY  7 2015...........SUNRISE   540 AM CDT   SUNSET   757 PM CDT


-  INDICATES NEGATIVE NUMBERS.
R  INDICATES RECORD WAS SET OR TIED.
MM INDICATES DATA IS MISSING.
T  INDICATES TRACE AMOUNT.




$$
