000
CDUS43 KUNR 280831
CLIRAP


CLIMATE REPORT
NATIONAL WEATHER SERVICE RAPID CITY SD
231 AM MDT TUE APR 28 2015


...................................

...THE RAPID CITY AIRPORT SD CLIMATE SUMMARY FOR APRIL 27 2015...

CLIMATE NORMAL PERIOD 1981 TO 2010
CLIMATE RECORD PERIOD 1942 TO 2015


WEATHER ITEM   OBSERVED TIME   RECORD YEAR NORMAL DEPARTURE LAST
                VALUE   (LST)  VALUE       VALUE  FROM      YEAR
                                                  NORMAL
..................................................................
TEMPERATURE (F)
 YESTERDAY
  MAXIMUM         50    332 PM  87    1952  62    -12       42
  MINIMUM         41   1159 PM  17    1994  36      5       33
  AVERAGE         46                        49     -3       38

PRECIPITATION (IN)
  YESTERDAY        0.02          1.22 2014   0.09  -0.07     1.22
  MONTH TO DATE    0.64                      1.54  -0.90     1.83
  SINCE MAR 1      0.74                      2.47  -1.73     2.92
  SINCE JAN 1      1.17                      3.21  -2.04     3.41

SNOWFALL (IN)
  YESTERDAY        0.0           4.6  1969   0.2   -0.2       T
  MONTH TO DATE    T                         7.4   -7.4      6.0
  SINCE MAR 1      1.2                      16.1  -14.9     20.4
  SINCE JUL 1     36.2                      39.5   -3.3     63.4
  SNOW DEPTH       0

DEGREE DAYS
 HEATING
  YESTERDAY       19                        16      3       27
  MONTH TO DATE  544                       555    -11      570
  SINCE MAR 1   1246                      1473   -227     1587
  SINCE JUL 1   6354                      6683   -329     7220

 COOLING
  YESTERDAY        0                         0      0        0
  MONTH TO DATE    0                         0      0        0
  SINCE MAR 1      0                         0      0        0
  SINCE JAN 1      0                         0      0        0
..................................................................


WIND (MPH)
  HIGHEST WIND SPEED    28   HIGHEST WIND DIRECTION     N (360)
  HIGHEST GUST SPEED    32   HIGHEST GUST DIRECTION     N (360)
  AVERAGE WIND SPEED    14.4


SKY COVER
  AVERAGE SKY COVER 1.0


WEATHER CONDITIONS
 THE FOLLOWING WEATHER WAS RECORDED YESTERDAY.
  LIGHT RAIN


RELATIVE HUMIDITY (PERCENT)
 HIGHEST    96          1200 AM
 LOWEST     76          1200 PM
 AVERAGE    86

..........................................................


THE RAPID CITY AIRPORT SD CLIMATE NORMALS FOR TODAY
                         NORMAL    RECORD    YEAR
 MAXIMUM TEMPERATURE (F)   63        89      1987
 MINIMUM TEMPERATURE (F)   36        18      1956


SUNRISE AND SUNSET
APRIL 28 2015.........SUNRISE   549 AM MDT   SUNSET   752 PM MDT
APRIL 29 2015.........SUNRISE   547 AM MDT   SUNSET   753 PM MDT


-  INDICATES NEGATIVE NUMBERS.
R  INDICATES RECORD WAS SET OR TIED.
MM INDICATES DATA IS MISSING.
T  INDICATES TRACE AMOUNT.




$$
