000
CDUS46 KMFR 030836
CLIRBG


CLIMATE REPORT
NATIONAL WEATHER SERVICE MEDFORD, OR
136 AM PDT SUN MAY 3 2015


...................................

...THE ROSEBURG OR CLIMATE SUMMARY FOR MAY 2 2015...

CLIMATE NORMAL PERIOD 1981 TO 2010
CLIMATE RECORD PERIOD 1931 TO 2015


WEATHER ITEM   OBSERVED TIME   RECORD YEAR NORMAL DEPARTURE LAST
                VALUE   (LST)  VALUE       VALUE  FROM      YEAR
                                                  NORMAL
..................................................................
TEMPERATURE (F)
 YESTERDAY
  MAXIMUM         75    427 PM  86    1937  67      8       77
                                      1992
  MINIMUM         49    501 AM  29    1972  45      4       51
  AVERAGE         62                        56      6       64

PRECIPITATION (IN)
  YESTERDAY        0.00          0.72 1941   0.08  -0.08     0.00
  MONTH TO DATE    0.00                      0.17  -0.17     0.00
  SINCE OCT 1     24.48                     31.18  -6.70    17.71
  SINCE JAN 1     10.20                     15.53  -5.33    14.01

SNOWFALL (IN)
  YESTERDAY       MM                        MM     MM       MM
  MONTH TO DATE   MM                        MM     MM       MM
  SINCE JUL 1      0.0                      MM     MM        0.0
  SNOW DEPTH      MM

DEGREE DAYS
 HEATING
  YESTERDAY        3                         9     -6        1
  MONTH TO DATE    5                        19    -14        1
  SINCE MAR 1    668                       914   -246      688
  SINCE JUL 1   2725                      3783  -1058     3615

 COOLING
  YESTERDAY        0                         0      0        0
  MONTH TO DATE    0                         0      0        7
  SINCE MAR 1      1                         1      0       13
  SINCE JAN 1      1                         1      0       13
..................................................................


WIND (MPH)
  RESULTANT WIND SPEED   6   RESULTANT WIND DIRECTION   N (10)
  HIGHEST WIND SPEED    17   HIGHEST WIND DIRECTION     N (360)
  HIGHEST GUST SPEED    21   HIGHEST GUST DIRECTION     N (10)
  AVERAGE WIND SPEED     6.1


SKY COVER
  POSSIBLE SUNSHINE  MM
  AVERAGE SKY COVER 0.0


WEATHER CONDITIONS
 THE FOLLOWING WEATHER WAS RECORDED YESTERDAY.
  NO SIGNIFICANT WEATHER WAS OBSERVED.


RELATIVE HUMIDITY (PERCENT)
 HIGHEST    80           500 AM
 LOWEST     16           500 PM
 AVERAGE    48

..........................................................


THE ROSEBURG OR CLIMATE NORMALS FOR TODAY
                         NORMAL    RECORD    YEAR
 MAXIMUM TEMPERATURE (F)   67        94      1992
 MINIMUM TEMPERATURE (F)   45        36      2001
                                             1981


SUNRISE AND SUNSET
MAY  3 2015...........SUNRISE   604 AM PDT   SUNSET   817 PM PDT
MAY  4 2015...........SUNRISE   603 AM PDT   SUNSET   818 PM PDT


-  INDICATES NEGATIVE NUMBERS.
R  INDICATES RECORD WAS SET OR TIED.
MM INDICATES DATA IS MISSING.
T  INDICATES TRACE AMOUNT.




$$
