000
CDUS43 KGRB 050632
CLIRHI


CLIMATE REPORT
NATIONAL WEATHER SERVICE GREEN BAY
131 AM CDT TUE MAY 5 2015


...................................

...THE RHINELANDER WI CLIMATE SUMMARY FOR MAY 4 2015...

CLIMATE NORMAL PERIOD 1981 TO 2010
CLIMATE RECORD PERIOD 1908 TO 2015


WEATHER ITEM   OBSERVED TIME   RECORD YEAR NORMAL DEPARTURE LAST
                VALUE   (LST)  VALUE       VALUE  FROM      YEAR
                                                  NORMAL
..................................................................
TEMPERATURE (F)
 YESTERDAY
  MAXIMUM         67    241 PM  89    1959  62      5       53
  MINIMUM         44   1158 PM  21    1909  37      7       31
  AVERAGE         56                        49      7       42

PRECIPITATION (IN)
  YESTERDAY        0.00          1.21 1912   0.10  -0.10     0.00
  MONTH TO DATE    0.39                      0.42  -0.03     0.36
  SINCE MAR 1      4.41                      4.57  -0.16     5.98
  SINCE JAN 1      5.30                      6.61  -1.31     8.59

SNOWFALL (IN)
  YESTERDAY        0.0           0.2  1954  MM     MM        0.0
  MONTH TO DATE    0.0                      MM     MM        0.0
  SINCE MAR 1     20.4                      MM     MM       37.7
  SINCE JUL 1     89.3                      MM     MM      110.2
  SNOW DEPTH       0

DEGREE DAYS
 HEATING
  YESTERDAY        9                        16     -7       23
  MONTH TO DATE   24                        66    -42       88
  SINCE MAR 1   1839                      1944   -105     2426
  SINCE JUL 1   9180                      8566    614    10055

 COOLING
  YESTERDAY        0                         0      0        0
  MONTH TO DATE    1                         0      1        0
  SINCE MAR 1      1                         1      0        0
  SINCE JAN 1      1                         1      0        0
..................................................................


WIND (MPH)
  HIGHEST WIND SPEED    13   HIGHEST WIND DIRECTION     N (350)
  HIGHEST GUST SPEED    20   HIGHEST GUST DIRECTION    NE (50)
  AVERAGE WIND SPEED     4.7


SKY COVER
  POSSIBLE SUNSHINE  MM
  AVERAGE SKY COVER 0.0


WEATHER CONDITIONS
 THE FOLLOWING WEATHER WAS RECORDED YESTERDAY.
  NO SIGNIFICANT WEATHER WAS OBSERVED.


RELATIVE HUMIDITY (PERCENT)
 HIGHEST    89          1200 AM
 LOWEST     20           600 PM
 AVERAGE    55

..........................................................


THE RHINELANDER WI CLIMATE NORMALS FOR TODAY
                         NORMAL    RECORD    YEAR
 MAXIMUM TEMPERATURE (F)   62        88      1918
 MINIMUM TEMPERATURE (F)   37        21      1954


SUNRISE AND SUNSET
MAY  5 2015...........SUNRISE   540 AM CDT   SUNSET   810 PM CDT
MAY  6 2015...........SUNRISE   539 AM CDT   SUNSET   811 PM CDT


-  INDICATES NEGATIVE NUMBERS.
R  INDICATES RECORD WAS SET OR TIED.
MM INDICATES DATA IS MISSING.
T  INDICATES TRACE AMOUNT.




$$
