000
CDUS45 KABQ 260829
CLIROW


CLIMATE REPORT
NATIONAL WEATHER SERVICE ALBUQUERQUE NM
228 AM MDT SUN APR 26 2015


...................................

...THE ROSWELL NM CLIMATE SUMMARY FOR APRIL 25 2015...

CLIMATE NORMAL PERIOD 1981 TO 2010
CLIMATE RECORD PERIOD 1893 TO 2015


WEATHER ITEM   OBSERVED TIME   RECORD YEAR NORMAL DEPARTURE
                VALUE   (LST)  VALUE       VALUE  FROM
                                                  NORMAL
...............................................................
TEMPERATURE (F)
 YESTERDAY
  MAXIMUM         81    426 PM 102    2012  79      2
  MINIMUM         48    544 AM  30    1968  48      0
  AVERAGE         65                        64      1

PRECIPITATION (IN)
  YESTERDAY        0.00          1.60 1919   0.02  -0.02
  MONTH TO DATE    1.72                      0.47   1.25
  SINCE MAR 1      2.01                      0.98   1.03
  SINCE JAN 1      3.92                      1.78   2.14

SNOWFALL (IN)
  YESTERDAY        0.0
  MONTH TO DATE    0.0
  SINCE MAR 1      T
  SINCE JUL 1     16.2

DEGREE DAYS
 HEATING
  YESTERDAY        0                         3     -3
  MONTH TO DATE   97                       149    -52
  SINCE MAR 1    455                       536    -81
  SINCE JUL 1   3172                      3243    -71

 COOLING
  YESTERDAY        0                         2     -2
  MONTH TO DATE   13                        25    -12
  SINCE MAR 1     16                        28    -12
  SINCE JAN 1     16                        28    -12
...............................................................


WIND (MPH)
  HIGHEST WIND SPEED    23   HIGHEST WIND DIRECTION     W (270)
  HIGHEST GUST SPEED    30   HIGHEST GUST DIRECTION     W (270)
  AVERAGE WIND SPEED     9.4


SKY COVER
  AVERAGE SKY COVER 0.0


WEATHER CONDITIONS
 THE FOLLOWING WEATHER WAS RECORDED YESTERDAY.
  NO SIGNIFICANT WEATHER WAS OBSERVED.


RELATIVE HUMIDITY (PERCENT)
 HIGHEST    56           600 AM
 LOWEST     12           500 PM
 AVERAGE    34

..........................................................


THE ROSWELL NM CLIMATE NORMALS FOR TODAY
                         NORMAL    RECORD    YEAR
 MAXIMUM TEMPERATURE (F)   80        98      2012
 MINIMUM TEMPERATURE (F)   48        33      1961
                                             1960
                                             1921


SUNRISE AND SUNSET
APRIL 26 2015.........SUNRISE   616 AM MDT   SUNSET   737 PM MDT
APRIL 27 2015.........SUNRISE   614 AM MDT   SUNSET   738 PM MDT


-  INDICATES NEGATIVE NUMBERS.
R  INDICATES RECORD WAS SET OR TIED.
MM INDICATES DATA IS MISSING.
T  INDICATES TRACE AMOUNT.




$$
