000
CDUS45 KPIH 202336
CLIRXE


CLIMATE REPORT
NATIONAL WEATHER SERVICE POCATELLO ID
533 PM MDT MON APR 20 2015


...................................

...THE REXBURG ID CLIMATE SUMMARY FOR APRIL 20 2015...
VALID TODAY AS OF 0500 PM LOCAL TIME.

CLIMATE NORMAL PERIOD 1981 TO 2010
CLIMATE RECORD PERIOD 1998 TO 2015


WEATHER ITEM   OBSERVED TIME   RECORD YEAR NORMAL DEPARTURE LAST
                VALUE   (LST)  VALUE       VALUE  FROM      YEAR
                                                  NORMAL
..................................................................
TEMPERATURE (F)
 TODAY
  MAXIMUM         65    341 PM  75    2010  58      7       63
  MINIMUM         33    616 AM  21    2011  32      1       43
  AVERAGE         49                        45      4       53

PRECIPITATION (IN)
  TODAY            0.00         MM      MM   0.05  -0.05     0.00
  MONTH TO DATE    0.25                      0.95  -0.70     0.35
  SINCE OCT 1      4.28                      6.79  -2.51     5.25
  SINCE JAN 1      1.51                      3.58  -2.07     3.39

SNOWFALL (IN)
  TODAY           MM
  MONTH TO DATE   MM
  SINCE MAR 1     MM
  SINCE JUL 1     MM
  SNOW DEPTH      MM

DEGREE DAYS
 HEATING
  TODAY           16                        20     -4       12
  MONTH TO DATE  454                       450      4      418
  SINCE MAR 1   1190                      1406   -216     1279
  SINCE JUL 1   6274                      7379  -1105     7094

 COOLING
  TODAY            0                         0      0        0
  MONTH TO DATE    0                         0      0        0
  SINCE MAR 1      0                         0      0        0
  SINCE JAN 1      0                         0      0        0
..................................................................


WIND (MPH)
  HIGHEST WIND SPEED    15   HIGHEST WIND DIRECTION     S (200)
  HIGHEST GUST SPEED    20   HIGHEST GUST DIRECTION     S (200)
  AVERAGE WIND SPEED     6.2


SKY COVER
  POSSIBLE SUNSHINE  MM
  AVERAGE SKY COVER 0.1


WEATHER CONDITIONS
 THE FOLLOWING WEATHER WAS RECORDED TODAY.
  NO SIGNIFICANT WEATHER WAS OBSERVED.


RELATIVE HUMIDITY (PERCENT)
 HIGHEST    69           500 AM
 LOWEST     18           400 PM
 AVERAGE    44

..........................................................


THE REXBURG ID CLIMATE NORMALS FOR TOMORROW
                         NORMAL    RECORD    YEAR
 MAXIMUM TEMPERATURE (F)   58        76      2012
 MINIMUM TEMPERATURE (F)   32        19      2008


SUNRISE AND SUNSET
APRIL 20 2015.........SUNRISE   636 AM MDT   SUNSET   817 PM MDT
APRIL 21 2015.........SUNRISE   635 AM MDT   SUNSET   818 PM MDT


-  INDICATES NEGATIVE NUMBERS.
R  INDICATES RECORD WAS SET OR TIED.
MM INDICATES DATA IS MISSING.
T  INDICATES TRACE AMOUNT.




$$
