000
CDUS46 KSTO 260837
CLISAC

CLIMATE REPORT
NATIONAL WEATHER SERVICE SACRAMENTO, CA
136 AM PDT SUN APR 26 2015


...................................

...THE SACRAMENTO EXEC. AIRPORT CA CLIMATE SUMMARY FOR APRIL 25 2015...

CLIMATE NORMAL PERIOD 1981 TO 2010
CLIMATE RECORD PERIOD 1930 TO 2015


WEATHER ITEM   OBSERVED TIME   RECORD YEAR NORMAL DEPARTURE LAST
                VALUE   (LST)  VALUE       VALUE  FROM      YEAR
                                                  NORMAL
..................................................................
TEMPERATURE (F)
 YESTERDAY
  MAXIMUM         72    335 PM  89    2004  74     -2       58
  MINIMUM         53   1159 PM  36    1975  47      6       50
  AVERAGE         63

PRECIPITATION (IN)
  YESTERDAY        0.35          0.54 2012   0.03   0.32     0.44
  MONTH TO DATE    1.85                      1.01   0.84     1.82
  SINCE OCT 1     15.27                     17.15  -1.88     9.19
  SINCE JAN 1      4.89                     10.87  -5.98     7.88

SNOWFALL (IN)
  YESTERDAY        0.0          MM      MM   0.0             0.0
  MONTH TO DATE    0.0                       0.0             0.0
  SINCE MAR 1      0.0                       0.0             0.0
  SINCE JUL 1      0.0                       0.0             0.0

DEGREE DAYS
 HEATING
  YESTERDAY        2

 COOLING
  YESTERDAY        0
..................................................................


WIND (MPH)
  RESULTANT WIND SPEED   4   RESULTANT WIND DIRECTION  SW (220)
  HIGHEST WIND SPEED    18   HIGHEST WIND DIRECTION    SW (230)
  HIGHEST GUST SPEED    22   HIGHEST GUST DIRECTION    SW (230)


SKY COVER
  POSSIBLE SUNSHINE  MM
  AVERAGE SKY COVER 0.3


WEATHER CONDITIONS
 THE FOLLOWING WEATHER WAS RECORDED YESTERDAY.
  HEAVY RAIN
  RAIN
  LIGHT RAIN
  FOG


RELATIVE HUMIDITY (PERCENT)
 HIGHEST    93
 LOWEST     37
 AVERAGE    65

..........................................................


THE SACRAMENTO EXEC. AIRPORT CA CLIMATE NORMALS FOR TODAY
                         NORMAL    RECORD    YEAR
 MAXIMUM TEMPERATURE (F)   74        95      2004
 MINIMUM TEMPERATURE (F)   48        37      1975


SUNRISE AND SUNSET
APRIL 26 2015.........SUNRISE   615 AM PDT   SUNSET   753 PM PDT
APRIL 27 2015.........SUNRISE   614 AM PDT   SUNSET   754 PM PDT


-  INDICATES NEGATIVE NUMBERS.
R  INDICATES RECORD WAS SET OR TIED.
MM INDICATES DATA IS MISSING.
T  INDICATES TRACE AMOUNT.

&&
....................................................................

SACRAMENTO CITY CLIMATE DATA FOR SATURDAY APRIL 25 2015

HIGH...   72  RECORD HIGH    92 IN 1987    NORMAL    HIGH   75
LOW....   51  RECORD LOW     40 IN 1891    NORMAL    LOW    50

RAIN SINCE MIDNIGHT....  0.41   RECORD THIS DATE....... 0.66 IN 2014
TOTAL THIS MONTH.......  1.81   NORMAL SINCE OCT 1ST.........  18.78
TOTAL SINCE OCT 1ST... 13.54   PERCENT OF NORMAL.............  72%

$$
