000
CDUS46 KSTO 010037
CLISAC

CLIMATE REPORT
NATIONAL WEATHER SERVICE SACRAMENTO, CA
537 PM PDT TUE MAR 31 2015


...................................

...THE SACRAMENTO EXEC. AIRPORT CA CLIMATE SUMMARY FOR MARCH 31 2015...
VALID TODAY AS OF 0500 PM LOCAL TIME.

CLIMATE NORMAL PERIOD 1981 TO 2010
CLIMATE RECORD PERIOD 1930 TO 2015


WEATHER ITEM   OBSERVED TIME   RECORD YEAR NORMAL DEPARTURE LAST
                VALUE   (LST)  VALUE       VALUE  FROM      YEAR
                                                  NORMAL
..................................................................
TEMPERATURE (F)
 TODAY
  MAXIMUM         76    131 PM  86    1966  67      9       58
  MINIMUM         49    602 AM  36    1999  45      4       43
                                      1977
  AVERAGE         63

PRECIPITATION (IN)
  TODAY            0.00          1.85 1982   0.06  -0.06     0.20
  MONTH TO DATE    0.22                      2.75  -2.53     1.77
  SINCE OCT 1     13.42                     16.14  -2.72     7.37
  SINCE JAN 1      3.04                      9.86  -6.82     6.06

SNOWFALL (IN)
  TODAY            0.0          MM      MM   0.0            MM
  MONTH TO DATE    0.0                       0.0             0.0
  SINCE MAR 1      0.0                       0.0             0.0
  SINCE JUL 1      0.0                       0.0             0.0

DEGREE DAYS
 HEATING
  TODAY            2

 COOLING
  TODAY            0
..................................................................


WIND (MPH)
  RESULTANT WIND SPEED   1   RESULTANT WIND DIRECTION   W (270)
  HIGHEST WIND SPEED    16   HIGHEST WIND DIRECTION     S (170)
  HIGHEST GUST SPEED    32   HIGHEST GUST DIRECTION    NW (320)


SKY COVER
  POSSIBLE SUNSHINE  MM
  AVERAGE SKY COVER 0.0


WEATHER CONDITIONS
 THE FOLLOWING WEATHER WAS RECORDED TODAY.
  NO SIGNIFICANT WEATHER WAS OBSERVED.


RELATIVE HUMIDITY (PERCENT)
 HIGHEST    80
 LOWEST     31
 AVERAGE    56

..........................................................


THE SACRAMENTO EXEC. AIRPORT CA CLIMATE NORMALS FOR TOMORROW
                         NORMAL    RECORD    YEAR
 MAXIMUM TEMPERATURE (F)   67        86      1966
 MINIMUM TEMPERATURE (F)   45        33      1975


SUNRISE AND SUNSET
MARCH 31 2015.........SUNRISE   653 AM PDT   SUNSET   728 PM PDT
APRIL  1 2015.........SUNRISE   651 AM PDT   SUNSET   729 PM PDT


-  INDICATES NEGATIVE NUMBERS.
R  INDICATES RECORD WAS SET OR TIED.
MM INDICATES DATA IS MISSING.
T  INDICATES TRACE AMOUNT.






&&
....................................................................

SACRAMENTO CITY CLIMATE DATA FOR TUESDAY MARCH 31 2015

HIGH...   74  RECORD HIGH    90 IN 1966    NORMAL    HIGH   69
LOW....   49  RECORD LOW     37 IN 1936    NORMAL    LOW    47

RAIN SINCE MIDNIGHT....  0.00   RECORD THIS DATE....... 1.83 IN 1982
TOTAL THIS MONTH.......  0.16   NORMAL SINCE OCT 1ST.........  17.64
TOTAL SINCE OCT 1ST... 11.73   PERCENT OF NORMAL.............  66%


$$
