000
CDUS44 KEWX 270730
CLISAT


CLIMATE REPORT
NATIONAL WEATHER SERVICE AUSTIN/SAN ANTONIO, TX
226 AM CDT MON APR 27 2015


...................................

...THE SAN ANTONIO CLIMATE SUMMARY FOR APRIL 26 2015...

CLIMATE NORMAL PERIOD 1981 TO 2010
CLIMATE RECORD PERIOD 1886 TO 2015


WEATHER ITEM   OBSERVED TIME   RECORD YEAR NORMAL DEPARTURE LAST
                VALUE   (LST)  VALUE       VALUE  FROM      YEAR
                                                  NORMAL
..................................................................
TEMPERATURE (F)
 YESTERDAY
  MAXIMUM         87    302 PM  97    1984  83      4       90
  MINIMUM         71    637 AM  45    1913  61     10       68
  AVERAGE         79                        72      7       79

PRECIPITATION (IN)
  YESTERDAY        0.00          3.60 1990   0.09  -0.09     0.00
  MONTH TO DATE    7.37                      1.75   5.62     0.68
  SINCE MAR 1     10.34                      4.06   6.28     1.74
  SINCE JAN 1     14.54                      7.61   6.93     2.39

SNOWFALL (IN)
  YESTERDAY        0.0
  MONTH TO DATE    0.0
  SINCE MAR 1      0.0
  SINCE JUL 1      T
  SNOW DEPTH       0

DEGREE DAYS
 HEATING
  YESTERDAY        0                         0      0        0
  MONTH TO DATE    1                        38    -37       40
  SINCE MAR 1    173                       192    -19      228
  SINCE JUL 1   1488                      1493     -5     1562

 COOLING
  YESTERDAY       14                         7      7       14
  MONTH TO DATE  204                       137     67      180
  SINCE MAR 1    260                       202     58      241
  SINCE JAN 1    273                       228     45      306
..................................................................


WIND (MPH)
  HIGHEST WIND SPEED    22   HIGHEST WIND DIRECTION    SE (140)
  HIGHEST GUST SPEED    27   HIGHEST GUST DIRECTION    SE (140)
  AVERAGE WIND SPEED    11.3


SKY COVER
  AVERAGE SKY COVER 0.9


WEATHER CONDITIONS
 THE FOLLOWING WEATHER WAS RECORDED YESTERDAY.
  THUNDERSTORM
  LIGHT RAIN
  FOG
  HAZE


RELATIVE HUMIDITY (PERCENT)
 HIGHEST    93           300 AM
 LOWEST     61           200 PM
 AVERAGE    77

..........................................................


THE SAN ANTONIO CLIMATE NORMALS FOR TODAY
                         NORMAL    RECORD    YEAR
 MAXIMUM TEMPERATURE (F)   83        99      2014
 MINIMUM TEMPERATURE (F)   61        46      1908


SUNRISE AND SUNSET
APRIL 27 2015.........SUNRISE   656 AM CDT   SUNSET   808 PM CDT
APRIL 28 2015.........SUNRISE   655 AM CDT   SUNSET   809 PM CDT


-  INDICATES NEGATIVE NUMBERS.
R  INDICATES RECORD WAS SET OR TIED.
MM INDICATES DATA IS MISSING.
T  INDICATES TRACE AMOUNT.




$$
