000
CDUS46 KSTO 210039
CLISCK


CLIMATE REPORT
NATIONAL WEATHER SERVICE SACRAMENTO, CA
539 PM PDT MON APR 20 2015


...................................

...THE STOCKTON AIRPORT CA CLIMATE SUMMARY FOR APRIL 20 2015...
VALID TODAY AS OF 0500 PM LOCAL TIME.

CLIMATE NORMAL PERIOD 1981 TO 2010
CLIMATE RECORD PERIOD 1948 TO 2015


WEATHER ITEM   OBSERVED TIME   RECORD YEAR NORMAL DEPARTURE LAST
                VALUE   (LST)  VALUE       VALUE  FROM      YEAR
                                                  NORMAL
..................................................................
TEMPERATURE (F)
 TODAY
  MAXIMUM         81    337 PM  96    2009  74      7       83
  MINIMUM         50    552 AM  32    2008  47      3       48
  AVERAGE         66

PRECIPITATION (IN)
  TODAY            0.00          0.75 2010   0.03  -0.03     0.00
  MONTH TO DATE    0.58                      0.72  -0.14     0.40
  SINCE OCT 1     10.05                     12.89  -2.84     6.80
  SINCE JAN 1      2.21                      8.16  -5.95     5.37

SNOWFALL (IN)
  TODAY            0.0          MM      MM
  MONTH TO DATE    0.0
  SINCE MAR 1      0.0
  SINCE JUL 1      0.0

DEGREE DAYS
 HEATING
  TODAY            0                         5     -5        0
  MONTH TO DATE   97                       144    -47       70
  SINCE MAR 1    221                       468   -247      269
  SINCE JUL 1   1660                      2530   -870     2102

 COOLING
  TODAY            1                         1      0        1
  MONTH TO DATE   10                         3      7       19
  SINCE MAR 1     27                         3     24       19
  SINCE JAN 1     27                         3     24       19
..................................................................


WIND (MPH)
  RESULTANT WIND SPEED   7   RESULTANT WIND DIRECTION  NW (310)
  HIGHEST WIND SPEED    16   HIGHEST WIND DIRECTION     W (290)
  HIGHEST GUST SPEED    21   HIGHEST GUST DIRECTION    NW (330)


SKY COVER
  POSSIBLE SUNSHINE  MM
  AVERAGE SKY COVER 0.0


WEATHER CONDITIONS
 THE FOLLOWING WEATHER WAS RECORDED TODAY.
  NO SIGNIFICANT WEATHER WAS OBSERVED.


RELATIVE HUMIDITY (PERCENT)
 HIGHEST    89           400 AM
 LOWEST     37           300 PM
 AVERAGE    63

..........................................................


THE STOCKTON AIRPORT CA CLIMATE NORMALS FOR TOMORROW
                         NORMAL    RECORD    YEAR
 MAXIMUM TEMPERATURE (F)   74        97      2009
 MINIMUM TEMPERATURE (F)   47        34      1963


SUNRISE AND SUNSET
APRIL 20 2015.........SUNRISE   623 AM PDT   SUNSET   745 PM PDT
APRIL 21 2015.........SUNRISE   622 AM PDT   SUNSET   746 PM PDT


-  INDICATES NEGATIVE NUMBERS.
R  INDICATES RECORD WAS SET OR TIED.
MM INDICATES DATA IS MISSING.
T  INDICATES TRACE AMOUNT.




$$
