000
CDUS45 KBYZ 040933
CLISHR


CLIMATE REPORT
NATIONAL WEATHER SERVICE BILLINGS MT
331 AM MDT MON MAY 4 2015


...................................

...THE SHERIDAN WY CLIMATE SUMMARY FOR MAY 3 2015...

CLIMATE NORMAL PERIOD 1981 TO 2010
CLIMATE RECORD PERIOD 1907 TO 2015


WEATHER ITEM   OBSERVED TIME   RECORD YEAR NORMAL DEPARTURE LAST
                VALUE   (LST)  VALUE       VALUE  FROM      YEAR
                                                  NORMAL
..................................................................
TEMPERATURE (F)
 YESTERDAY
  MAXIMUM         66    141 PM  87    1986  63      3       53
  MINIMUM         42    546 AM  13    1954  34      8       37
  AVERAGE         54                        49      5       45

PRECIPITATION (IN)
  YESTERDAY        0.02          0.90        0.07  -0.05     0.00
  MONTH TO DATE    0.02                      0.22  -0.20     0.00
  SINCE OCT 1      5.97                      6.58  -0.61     8.84
  SINCE JAN 1      3.58                      3.90  -0.32     5.08

DEGREE DAYS
 HEATING
  YESTERDAY       11                        16     -5       20
  MONTH TO DATE   31                        50    -19       48
  SINCE MAR 1   1350                      1616   -266     1665
  SINCE JUL 1   6580                      7151   -571     7415

 COOLING
  YESTERDAY        0                         0      0        0
  MONTH TO DATE    0                         0      0        0
  SINCE MAR 1      0                         0      0        0
  SINCE JAN 1      0                         0      0        0
..................................................................


WIND (MPH)
  HIGHEST WIND SPEED    21   HIGHEST WIND DIRECTION    NW (310)
  HIGHEST GUST SPEED    25   HIGHEST GUST DIRECTION    NW (310)
  AVERAGE WIND SPEED     7.8


SKY COVER
  POSSIBLE SUNSHINE  MM
  AVERAGE SKY COVER 0.5


WEATHER CONDITIONS
 THE FOLLOWING WEATHER WAS RECORDED YESTERDAY.
  RAIN


RELATIVE HUMIDITY (PERCENT)
 HIGHEST    80          1100 PM
 LOWEST     40          1200 AM
 AVERAGE    60

..........................................................


THE SHERIDAN WY CLIMATE NORMALS FOR TODAY
                         NORMAL    RECORD    YEAR
 MAXIMUM TEMPERATURE (F)   63        88      1936
 MINIMUM TEMPERATURE (F)   35        17      1967


SUNRISE AND SUNSET
MAY  4 2015...........SUNRISE   554 AM MDT   SUNSET   816 PM MDT
MAY  5 2015...........SUNRISE   552 AM MDT   SUNSET   818 PM MDT


-  INDICATES NEGATIVE NUMBERS.
R  INDICATES RECORD WAS SET OR TIED.
MM INDICATES DATA IS MISSING.
T  INDICATES TRACE AMOUNT.




$$
