000
CDUS45 KBYZ 012235
CLISHR


CLIMATE REPORT
NATIONAL WEATHER SERVICE BILLINGS MT
434 PM MDT WED APR 1 2015


...................................

...THE SHERIDAN WY CLIMATE SUMMARY FOR APRIL 1 2015...
VALID TODAY AS OF 0400 PM LOCAL TIME.

CLIMATE NORMAL PERIOD 1981 TO 2010
CLIMATE RECORD PERIOD 1907 TO 2015


WEATHER ITEM   OBSERVED TIME   RECORD YEAR NORMAL DEPARTURE LAST
                VALUE   (LST)  VALUE       VALUE  FROM      YEAR
                                                  NORMAL
..................................................................
TEMPERATURE (F)
 TODAY
  MAXIMUM         58   1221 AM  72    2012  53      5       37
                                      1982
                                      1921
  MINIMUM         40    716 AM  -9    1936  26     14       15
  AVERAGE         49                        40      9       26

PRECIPITATION (IN)
  TODAY            0.00          0.71        0.04  -0.04     0.00
  MONTH TO DATE    0.00                      0.04  -0.04     0.00
  SINCE OCT 1      4.52                      4.80  -0.28     7.30
  SINCE JAN 1      2.13                      2.12   0.01     3.54

DEGREE DAYS
 HEATING
  TODAY           16                        25     -9       39
  MONTH TO DATE   16                        25     -9       39
  SINCE MAR 1    717                       949   -232     1028
  SINCE JUL 1   5947                      6484   -537     6778

 COOLING
  TODAY            0                         0      0        0
  MONTH TO DATE    0                         0      0        0
  SINCE MAR 1      0                         0      0        0
  SINCE JAN 1      0                         0      0        0
..................................................................


WIND (MPH)
  HIGHEST WIND SPEED    37   HIGHEST WIND DIRECTION    NW (320)
  HIGHEST GUST SPEED    47   HIGHEST GUST DIRECTION    NW (320)
  AVERAGE WIND SPEED    21.5


SKY COVER
  POSSIBLE SUNSHINE  MM
  AVERAGE SKY COVER 0.8


WEATHER CONDITIONS
 THE FOLLOWING WEATHER WAS RECORDED TODAY.
  NO SIGNIFICANT WEATHER WAS OBSERVED.


RELATIVE HUMIDITY (PERCENT)
 HIGHEST    65           300 AM
 LOWEST     21           200 PM
 AVERAGE    43

..........................................................


THE SHERIDAN WY CLIMATE NORMALS FOR TOMORROW
                         NORMAL    RECORD    YEAR
 MAXIMUM TEMPERATURE (F)   54        79      1921
 MINIMUM TEMPERATURE (F)   27       -10      1936


SUNRISE AND SUNSET
APRIL  1 2015.........SUNRISE   649 AM MDT   SUNSET   735 PM MDT
APRIL  2 2015.........SUNRISE   647 AM MDT   SUNSET   737 PM MDT


-  INDICATES NEGATIVE NUMBERS.
R  INDICATES RECORD WAS SET OR TIED.
MM INDICATES DATA IS MISSING.
T  INDICATES TRACE AMOUNT.




$$
