000
CDUS44 KSHV 180742
CLISHV


CLIMATE REPORT
NATIONAL WEATHER SERVICE SHREVEPORT, LA
240 AM CDT SAT APR 18 2015


...................................

...THE SHREVEPORT CLIMATE SUMMARY FOR APRIL 17 2015...

CLIMATE NORMAL PERIOD 1981 TO 2010
CLIMATE RECORD PERIOD 1874 TO 2015


WEATHER ITEM   OBSERVED TIME   RECORD YEAR NORMAL DEPARTURE LAST
                VALUE   (LST)  VALUE       VALUE  FROM      YEAR
                                                  NORMAL
..................................................................
TEMPERATURE (F)
 YESTERDAY
  MAXIMUM         81    354 PM  91    2006  77      4       68
                                      1987
                                      1885
  MINIMUM         61    613 AM  35    1921  54      7       43
  AVERAGE         71                        66      5       56

PRECIPITATION (IN)
  YESTERDAY        0.00          3.70 1991   0.13  -0.13     0.00
  MONTH TO DATE    3.74                      2.34   1.40     3.82
  SINCE DEC 1     27.24                     20.20   7.04    16.26
  SINCE JAN 1     23.49                     15.43   8.06    11.28

SNOWFALL (IN)
  YESTERDAY        0.0
  MONTH TO DATE    0.0
  SINCE MAR 1      0.4
  SINCE JUL 1      4.5
  SNOW DEPTH       0

DEGREE DAYS
 HEATING
  YESTERDAY        0                         3     -3        9
  MONTH TO DATE   20                        66    -46      101
  SINCE MAR 1    274                       317    -43      423
  SINCE JUL 1   2274                      2199     75     2534

 COOLING
  YESTERDAY        6                         3      3        0
  MONTH TO DATE   92                        42     50       43
  SINCE MAR 1    118                        73     45       56
  SINCE JAN 1    118                        83     35       62
..................................................................


WIND (MPH)
  HIGHEST WIND SPEED    14   HIGHEST WIND DIRECTION     S (180)
  HIGHEST GUST SPEED    17   HIGHEST GUST DIRECTION     S (180)
  AVERAGE WIND SPEED     4.1


SKY COVER
  POSSIBLE SUNSHINE  MM
  AVERAGE SKY COVER 0.8


WEATHER CONDITIONS
 THE FOLLOWING WEATHER WAS RECORDED YESTERDAY.
  NO SIGNIFICANT WEATHER WAS OBSERVED.


RELATIVE HUMIDITY (PERCENT)
 HIGHEST    93          1200 AM
 LOWEST     58           300 PM
 AVERAGE    76

..........................................................


THE SHREVEPORT CLIMATE NORMALS FOR TODAY
                         NORMAL    RECORD    YEAR
 MAXIMUM TEMPERATURE (F)   77        93      2006
 MINIMUM TEMPERATURE (F)   54        37      1999


SUNRISE AND SUNSET
APRIL 18 2015.........SUNRISE   643 AM CDT   SUNSET   747 PM CDT
APRIL 19 2015.........SUNRISE   642 AM CDT   SUNSET   748 PM CDT


-  INDICATES NEGATIVE NUMBERS.
R  INDICATES RECORD WAS SET OR TIED.
MM INDICATES DATA IS MISSING.
T  INDICATES TRACE AMOUNT.




$$
