000
CDUS46 KMTR 210035
CLISJC


CLIMATE REPORT
NATIONAL WEATHER SERVICE SAN FRANCISCO BAY AREA
535 PM PDT MON APR 20 2015


...................................

...THE SAN JOSE CA CLIMATE SUMMARY FOR APRIL 20 2015...
VALID TODAY AS OF 0500 PM LOCAL TIME.

CLIMATE NORMAL PERIOD 1981 TO 2010
CLIMATE RECORD PERIOD 1893 TO 2015


WEATHER ITEM   OBSERVED TIME   RECORD YEAR NORMAL DEPARTURE LAST
                VALUE   (LST)  VALUE       VALUE  FROM      YEAR
                                                  NORMAL
..................................................................
TEMPERATURE (F)
 TODAY
  MAXIMUM         69    133 PM  95    2009  71     -2       80
  MINIMUM         56    853 AM  28    1896  49      7       50
  AVERAGE         63                        60      3       65

PRECIPITATION (IN)
  TODAY            0.00          0.57 1963   0.04  -0.04     0.00
  MONTH TO DATE    0.55                      0.78  -0.23     0.39
  SINCE OCT 1     12.43                     13.91  -1.48     5.41
  SINCE JAN 1      2.48                      9.13  -6.65     4.51

SNOWFALL (IN)
  TODAY            0.0           0.0  1947
  MONTH TO DATE    0.0
  SINCE MAR 1      0.0
  SINCE JUL 1      0.0

DEGREE DAYS
 HEATING
  TODAY            2                         6     -4        0
  MONTH TO DATE  121                       136    -15       83
  SINCE MAR 1    257                       391   -134      253
  SINCE JUL 1   1477                      1854   -377     1794

 COOLING
  TODAY            0                         1     -1        0
  MONTH TO DATE    0                         5     -5       11
  SINCE MAR 1     14                         9      5       15
  SINCE JAN 1     14                         9      5       15
..................................................................


WIND (MPH)
  RESULTANT WIND SPEED   1   RESULTANT WIND DIRECTION   W (280)
  HIGHEST WIND SPEED    14   HIGHEST WIND DIRECTION     W (290)
  HIGHEST GUST SPEED    18   HIGHEST GUST DIRECTION     W (290)
  AVERAGE WIND SPEED     4.3


SKY COVER
  POSSIBLE SUNSHINE  MM
  AVERAGE SKY COVER 0.7


WEATHER CONDITIONS
 THE FOLLOWING WEATHER WAS RECORDED TODAY.
  HAZE


RELATIVE HUMIDITY (PERCENT)
 HIGHEST    83           400 AM
 LOWEST     55           100 PM
 AVERAGE    69

..........................................................


THE SAN JOSE CA CLIMATE NORMALS FOR TOMORROW
                         NORMAL    RECORD    YEAR
 MAXIMUM TEMPERATURE (F)   71        92      2009
 MINIMUM TEMPERATURE (F)   49        34      1897


SUNRISE AND SUNSET
APRIL 20 2015.........SUNRISE   627 AM PDT   SUNSET   747 PM PDT
APRIL 21 2015.........SUNRISE   625 AM PDT   SUNSET   748 PM PDT


-  INDICATES NEGATIVE NUMBERS.
R  INDICATES RECORD WAS SET OR TIED.
MM INDICATES DATA IS MISSING.
T  INDICATES TRACE AMOUNT.




$$
