000
CDUS44 KSJT 210651
CLISJT


CLIMATE REPORT
NATIONAL WEATHER SERVICE SAN ANGELO TX
151 AM CDT TUE APR 21 2015


...................................

...THE SAN ANGELO CLIMATE SUMMARY FOR APRIL 20 2015...

CLIMATE NORMAL PERIOD 1981 TO 2010
CLIMATE RECORD PERIOD 1907 TO 2015


WEATHER ITEM   OBSERVED TIME   RECORD YEAR NORMAL DEPARTURE LAST
                VALUE   (LST)  VALUE       VALUE  FROM      YEAR
                                                  NORMAL
..................................................................
TEMPERATURE (F)
 YESTERDAY
  MAXIMUM         72    501 PM  99    1925  81     -9       74
  MINIMUM         44    505 AM  38    1940  53     -9       61
                                      1922
  AVERAGE         58                        67     -9       68

PRECIPITATION (IN)
  YESTERDAY        0.00          1.08 1964   0.05  -0.05     0.13
  MONTH TO DATE    1.73                      0.88   0.85     0.41
  SINCE MAR 1      3.39                      2.38   1.01     0.46
  SINCE JAN 1      5.65                      4.66   0.99     0.52

SNOWFALL (IN)
  YESTERDAY        0.0           0.0  2002   0.0    0.0      0.0
  MONTH TO DATE    0.0                       0.0    0.0      0.0
  SINCE NOV 1      1.4                       2.2   -0.8      1.6
  SINCE JUL 1      1.4                       2.2   -0.8      1.6
  SNOW DEPTH       0

DEGREE DAYS
 HEATING
  YESTERDAY        7                         2      5        0
  MONTH TO DATE   24                        73    -49       65
  SINCE MAR 1    310                       330    -20      347
  SINCE JUL 1   2157                      2291   -134     2467

 COOLING
  YESTERDAY        0                         4     -4        3
  MONTH TO DATE  100                        63     37      103
  SINCE MAR 1    151                        96     55      158
  SINCE JAN 1    153                       101     52      161
..................................................................


WIND (MPH)
  HIGHEST WIND SPEED    15   HIGHEST WIND DIRECTION     E (70)
  HIGHEST GUST SPEED    19   HIGHEST GUST DIRECTION    NE (40)
  AVERAGE WIND SPEED     7.4


SKY COVER
  POSSIBLE SUNSHINE  MM
  AVERAGE SKY COVER 0.0


WEATHER CONDITIONS
 THE FOLLOWING WEATHER WAS RECORDED YESTERDAY.
  NO SIGNIFICANT WEATHER WAS OBSERVED.


RELATIVE HUMIDITY (PERCENT)
 HIGHEST    93           400 AM
 LOWEST     33           200 PM
 AVERAGE    63

..........................................................


THE SAN ANGELO CLIMATE NORMALS FOR TODAY
                         NORMAL    RECORD    YEAR
 MAXIMUM TEMPERATURE (F)   82       101      1925
 MINIMUM TEMPERATURE (F)   53        36      1912


SUNRISE AND SUNSET
APRIL 21 2015.........SUNRISE   707 AM CDT   SUNSET   814 PM CDT
APRIL 22 2015.........SUNRISE   706 AM CDT   SUNSET   815 PM CDT


-  INDICATES NEGATIVE NUMBERS.
R  INDICATES RECORD WAS SET OR TIED.
MM INDICATES DATA IS MISSING.
T  INDICATES TRACE AMOUNT.




$$
