000
CDUS46 KSGX 280016
CLISNA


CLIMATE REPORT
NATIONAL WEATHER SERVICE SAN DIEGO, CA
516 PM PDT MON APR 27 2015


...................................

...THE JOHN WAYNE AIRPORT CA CLIMATE SUMMARY FOR APRIL 27 2015...
VALID TODAY AS OF 0500 PM LOCAL TIME.

CLIMATE NORMAL PERIOD 1981 TO 2010
CLIMATE RECORD PERIOD 1999 TO 2015


WEATHER ITEM   OBSERVED TIME   RECORD YEAR NORMAL DEPARTURE LAST
                VALUE   (LST)  VALUE       VALUE  FROM      YEAR
                                                  NORMAL
..................................................................
TEMPERATURE (F)
 TODAY
  MAXIMUM         87   1115 AM  99    2008  70     17       70
  MINIMUM         54    525 AM  53    2003  55     -1       56
  AVERAGE         71                        63      8       63

PRECIPITATION (IN)
  TODAY            0.00          0.01 2010   0.03  -0.03     0.00
  MONTH TO DATE    0.04                      0.81  -0.77     0.32
  SINCE OCT 1      5.78                     12.65  -6.87     3.52
  SINCE JAN 1      1.98                      8.57  -6.59     2.59

SNOWFALL (IN)
  TODAY            0.0
  MONTH TO DATE    0.0
  SINCE MAR 1      0.0
  SINCE JUL 1      0.0
  SNOW DEPTH       0

DEGREE DAYS
 HEATING
  TODAY            0                         3     -3        2
  MONTH TO DATE   50                       112    -62       44
  SINCE MAR 1     75                       293   -218      113
  SINCE JUL 1    300                      1199   -899      603

 COOLING
  TODAY            6                         1      5        0
  MONTH TO DATE   21                         9     12       40
  SINCE MAR 1    126                        16    110       60
  SINCE JAN 1    198                        24    174       87
..................................................................


WIND (MPH)
  RESULTANT WIND SPEED   2   RESULTANT WIND DIRECTION  NE (30)
  HIGHEST WIND SPEED    23   HIGHEST WIND DIRECTION    NE (50)
  HIGHEST GUST SPEED    31   HIGHEST GUST DIRECTION    NE (50)
  AVERAGE WIND SPEED     7.6


SKY COVER
  POSSIBLE SUNSHINE  MM
  AVERAGE SKY COVER 0.1


WEATHER CONDITIONS
 THE FOLLOWING WEATHER WAS RECORDED TODAY.
  NO SIGNIFICANT WEATHER WAS OBSERVED.


RELATIVE HUMIDITY (PERCENT)
 HIGHEST    77           400 AM
 LOWEST      6          1100 AM
 AVERAGE    42

..........................................................


THE JOHN WAYNE AIRPORT CA CLIMATE NORMALS FOR TOMORROW
                         NORMAL    RECORD    YEAR
 MAXIMUM TEMPERATURE (F)   70        93      2008
 MINIMUM TEMPERATURE (F)   56        50      2002


SUNRISE AND SUNSET
APRIL 27 2015.........SUNRISE   607 AM PDT   SUNSET   732 PM PDT
APRIL 28 2015.........SUNRISE   606 AM PDT   SUNSET   732 PM PDT


-  INDICATES NEGATIVE NUMBERS.
R  INDICATES RECORD WAS SET OR TIED.
MM INDICATES DATA IS MISSING.
T  INDICATES TRACE AMOUNT.




$$
