000
CDUS46 KMTR 190037
CLISNS


CLIMATE REPORT
NATIONAL WEATHER SERVICE SAN FRANCISCO BAY AREA
537 PM PDT SAT APR 18 2015


...................................

...THE SALINAS AIRPORT CLIMATE SUMMARY FOR APRIL 18 2015...
VALID TODAY AS OF 0500 PM LOCAL TIME.

CLIMATE NORMAL PERIOD 1981 TO 2010
CLIMATE RECORD PERIOD 1930 TO 2015


WEATHER ITEM   OBSERVED TIME   RECORD YEAR NORMAL DEPARTURE LAST
                VALUE   (LST)  VALUE       VALUE  FROM      YEAR
                                                  NORMAL
..................................................................
TEMPERATURE (F)
 TODAY
  MAXIMUM         70   1111 AM  84    1950  67      3       64
  MINIMUM         49    659 AM  31    1933  46      3       53
  AVERAGE         60                        57      3       59

PRECIPITATION (IN)
  TODAY            0.00          0.72 1981   0.03  -0.03     0.00
  MONTH TO DATE    0.34                      0.66  -0.32     0.37
  SINCE OCT 1      9.16                     11.92  -2.76     5.55
  SINCE JAN 1      1.17                      8.01  -6.84     4.72

DEGREE DAYS
 HEATING
  TODAY            5                         8     -3        6
  MONTH TO DATE  109                       162    -53      115
  SINCE MAR 1    222                       482   -260      313
  SINCE JUL 1   1071                      2296  -1225     1745

 COOLING
  TODAY            0                         0      0        0
  MONTH TO DATE    1                         0      1        3
  SINCE MAR 1     18                         1     17        4
  SINCE JAN 1     26                         1     25        6
..................................................................


WIND (MPH)
  RESULTANT WIND SPEED   4   RESULTANT WIND DIRECTION   W (290)
  HIGHEST WIND SPEED    17   HIGHEST WIND DIRECTION     W (260)
  HIGHEST GUST SPEED    22   HIGHEST GUST DIRECTION     W (290)
  AVERAGE WIND SPEED     5.5


SKY COVER
  POSSIBLE SUNSHINE  MM
  AVERAGE SKY COVER 0.5


WEATHER CONDITIONS
 THE FOLLOWING WEATHER WAS RECORDED TODAY.
  FOG
  HAZE


RELATIVE HUMIDITY (PERCENT)
 HIGHEST    86           500 AM
 LOWEST     39          1100 AM
 AVERAGE    63

..........................................................


THE SALINAS AIRPORT CLIMATE NORMALS FOR TOMORROW
                         NORMAL    RECORD    YEAR
 MAXIMUM TEMPERATURE (F)   67        96      2009
 MINIMUM TEMPERATURE (F)   47        37      1977


SUNRISE AND SUNSET
APRIL 18 2015.........SUNRISE   529 AM PST   SUNSET   643 PM PST
APRIL 19 2015.........SUNRISE   527 AM PST   SUNSET   644 PM PST


-  INDICATES NEGATIVE NUMBERS.
R  INDICATES RECORD WAS SET OR TIED.
MM INDICATES DATA IS MISSING.
T  INDICATES TRACE AMOUNT.




$$
