000
CDUS45 KPIH 051731
CLISNT

CLIMATE REPORT
NATIONAL WEATHER SERVICE POCATELLO ID
138 AM MDT TUE MAY 5 2015


...................................

...THE STANLEY ID CLIMATE SUMMARY FOR MAY 4 2015...

CLIMATE NORMAL PERIOD 1981 TO 2010
CLIMATE RECORD PERIOD 1916 TO 2015


WEATHER ITEM   OBSERVED TIME   RECORD YEAR NORMAL DEPARTURE LAST
                VALUE   (LST)  VALUE       VALUE  FROM      YEAR
                                                  NORMAL
..................................................................
TEMPERATURE (F)
 YESTERDAY
  MAXIMUM         63    525 PM  78    1966  54      9       53
  MINIMUM         24    533 AM  11    2007  25     -1       30
  AVERAGE         44                        40      4       42

PRECIPITATION (IN)
  YESTERDAY        0.00          1.25 1993   0.05  -0.05     0.04
  MONTH TO DATE    0.00                      0.21  -0.21     0.04
  SINCE OCT 1     12.25                     11.90   0.35    15.43
  SINCE JAN 1      5.54                      7.05  -1.51    11.82

SNOWFALL (IN)
  YESTERDAY       MM
  MONTH TO DATE   MM
  SINCE MAR 1     MM
  SINCE JUL 1     MM
  SNOW DEPTH      MM

DEGREE DAYS
 HEATING
  YESTERDAY       21                        26     -5       23
  MONTH TO DATE   80                       105    -25       84
  SINCE MAR 1   1845                      2231   -386     2196
  SINCE JUL 1   8223                      9765  -1542     9364

 COOLING
  YESTERDAY        0                         0      0        0
  MONTH TO DATE    0                         0      0        0
  SINCE MAR 1      0                         0      0        0
  SINCE JAN 1      0                         0      0        0
..................................................................


WIND (MPH)
  HIGHEST WIND SPEED    12   HIGHEST WIND DIRECTION    SE (150)
  HIGHEST GUST SPEED    17   HIGHEST GUST DIRECTION     S (190)
  AVERAGE WIND SPEED     1.9


SKY COVER
  POSSIBLE SUNSHINE  MM
  AVERAGE SKY COVER 0.0


WEATHER CONDITIONS
 THE FOLLOWING WEATHER WAS RECORDED YESTERDAY.
  NO SIGNIFICANT WEATHER WAS OBSERVED.


RELATIVE HUMIDITY (PERCENT)
 HIGHEST    88           600 AM
 LOWEST     27           500 PM
 AVERAGE    58

..........................................................


THE STANLEY ID CLIMATE NORMALS FOR TODAY
                         NORMAL    RECORD    YEAR
 MAXIMUM TEMPERATURE (F)   54        78      1966
 MINIMUM TEMPERATURE (F)   25         8      1982


SUNRISE AND SUNSET
MAY  5 2015...........SUNRISE   626 AM MDT   SUNSET   848 PM MDT
MAY  6 2015...........SUNRISE   624 AM MDT   SUNSET   849 PM MDT


-  INDICATES NEGATIVE NUMBERS.
R  INDICATES RECORD WAS SET OR TIED.
MM INDICATES DATA IS MISSING.
T  INDICATES TRACE AMOUNT.

$$
