000
CDUS42 KJAX 270532
CLISSI


CLIMATE REPORT
NATIONAL WEATHER SERVICE JACKSONVILLE FL
131 AM EDT MON APR 27 2015


...................................

...THE ST SIMONS ISLAND CLIMATE SUMMARY FOR APRIL 26 2015...

CLIMATE NORMAL PERIOD 1981 TO 2010
CLIMATE RECORD PERIOD 1948 TO 2015


WEATHER ITEM   OBSERVED TIME   RECORD YEAR NORMAL DEPARTURE LAST
                VALUE   (LST)  VALUE       VALUE  FROM      YEAR
                                                  NORMAL
..................................................................
TEMPERATURE (F)
 YESTERDAY
  MAXIMUM         89    333 PM  91    1989  77     12       77
  MINIMUM         68   1244 AM  49    1974  61      7       64
  AVERAGE         79                        69     10       71

PRECIPITATION (IN)
  YESTERDAY        0.00          1.11 1988   0.06  -0.06     0.00
  MONTH TO DATE    3.36                      2.23   1.13     7.92
  SINCE MAR 1      5.73                      6.11  -0.38    10.46
  SINCE JAN 1     11.45                     12.80  -1.35    16.94

SNOWFALL (IN)
  YESTERDAY        0.0           0.0    MM                   0.0
  MONTH TO DATE    0.0                                       0.0
  SINCE MAR 1      0.0                                       0.0
  SINCE JUL 1      0.0                                        T
  SNOW DEPTH       0

DEGREE DAYS
 HEATING
  YESTERDAY        0                         1     -1        0
  MONTH TO DATE    0                        53    -53       37
  SINCE MAR 1    114                       230   -116      265
  SINCE JUL 1   1494                      1481     13     1493

 COOLING
  YESTERDAY       14                         5      9        6
  MONTH TO DATE  166                        82     84       77
  SINCE MAR 1    196                       113     83       91
  SINCE JAN 1    202                       122     80       99
..................................................................


WIND (MPH)
  HIGHEST WIND SPEED    17   HIGHEST WIND DIRECTION    SW (240)
  HIGHEST GUST SPEED    24   HIGHEST GUST DIRECTION     W (260)
  AVERAGE WIND SPEED     9.5


SKY COVER
  POSSIBLE SUNSHINE  MM
  AVERAGE SKY COVER 0.0


WEATHER CONDITIONS
 THE FOLLOWING WEATHER WAS RECORDED YESTERDAY.
  FOG


RELATIVE HUMIDITY (PERCENT)
 HIGHEST    97           100 AM
 LOWEST     36           300 PM
 AVERAGE    67

..........................................................


THE ST SIMONS ISLAND CLIMATE NORMALS FOR TODAY
                         NORMAL    RECORD    YEAR
 MAXIMUM TEMPERATURE (F)   78        94      1986
 MINIMUM TEMPERATURE (F)   61        48      2001


SUNRISE AND SUNSET
APRIL 27 2015.........SUNRISE   645 AM EDT   SUNSET   802 PM EDT
APRIL 28 2015.........SUNRISE   644 AM EDT   SUNSET   803 PM EDT


-  INDICATES NEGATIVE NUMBERS.
R  INDICATES RECORD WAS SET OR TIED.
MM INDICATES DATA IS MISSING.
T  INDICATES TRACE AMOUNT.




$$
