000
CDUS43 KEAX 070644
CLISTJ


CLIMATE REPORT
NATIONAL WEATHER SERVICE KANSAS CITY/PLEASANT HILL MO
135 AM CDT THU MAY 7 2015


...................................

...THE ST. JOSEPH MO CLIMATE SUMMARY FOR MAY 6 2015...

CLIMATE NORMAL PERIOD 1981 TO 2010
CLIMATE RECORD PERIOD 1892 TO 2015


WEATHER ITEM   OBSERVED TIME   RECORD YEAR NORMAL DEPARTURE LAST
                VALUE   (LST)  VALUE       VALUE  FROM      YEAR
                                                  NORMAL
..................................................................
TEMPERATURE (F)
 YESTERDAY
  MAXIMUM         75    317 PM  92    2004  72      3       87
  MINIMUM         63    131 AM  32    1944  50     13       57
  AVERAGE         69                        61      8       72

PRECIPITATION (IN)
  YESTERDAY        0.03          3.97 2007   0.19  -0.16     0.00
  MONTH TO DATE    1.82                      1.13   0.69      T
  SINCE MAR 1      6.00                      7.17  -1.17     4.39
  SINCE JAN 1      7.75                      8.66  -0.91     5.21

DEGREE DAYS
 HEATING
  YESTERDAY        0                         6     -6        0
  MONTH TO DATE    4                        38    -34       33
  SINCE MAR 1    883                      1068   -185     1240
  SINCE JUL 1   5407                      5376     31     6180

 COOLING
  YESTERDAY        4                         1      3        7
  MONTH TO DATE   21                         6     15        9
  SINCE MAR 1     26                        27     -1       17
  SINCE JAN 1     26                        27     -1       17
..................................................................


WIND (MPH)
  HIGHEST WIND SPEED    31   HIGHEST WIND DIRECTION     S (180)
  HIGHEST GUST SPEED    39   HIGHEST GUST DIRECTION     S (170)
  AVERAGE WIND SPEED    15.8


SKY COVER
  POSSIBLE SUNSHINE  MM
  AVERAGE SKY COVER 0.6


WEATHER CONDITIONS
 THE FOLLOWING WEATHER WAS RECORDED YESTERDAY.
  LIGHT RAIN
  FOG


RELATIVE HUMIDITY (PERCENT)
 HIGHEST    87          1200 AM
 LOWEST     57          1100 PM
 AVERAGE    72

..........................................................


THE ST. JOSEPH MO CLIMATE NORMALS FOR TODAY
                         NORMAL    RECORD    YEAR
 MAXIMUM TEMPERATURE (F)   72        95      1966
 MINIMUM TEMPERATURE (F)   50        30      1989


SUNRISE AND SUNSET
MAY  7 2015...........SUNRISE   613 AM CDT   SUNSET   820 PM CDT
MAY  8 2015...........SUNRISE   612 AM CDT   SUNSET   821 PM CDT


-  INDICATES NEGATIVE NUMBERS.
R  INDICATES RECORD WAS SET OR TIED.
MM INDICATES DATA IS MISSING.
T  INDICATES TRACE AMOUNT.




$$
