000
CDUS43 KLSX 020730
CLISTL


CLIMATE REPORT
NATIONAL WEATHER SERVICE ST LOUIS MO
229 AM CDT THU APR 2 2015


...................................

...THE ST. LOUIS CLIMATE SUMMARY FOR APRIL 1 2015...

CLIMATE NORMAL PERIOD 1981 TO 2010
CLIMATE RECORD PERIOD 1874 TO 2015


WEATHER ITEM   OBSERVED TIME   RECORD YEAR NORMAL DEPARTURE LAST
                VALUE   (LST)  VALUE       VALUE  FROM      YEAR
                                                  NORMAL
..................................................................
TEMPERATURE (F)
 YESTERDAY
  MAXIMUM         78    330 PM  91    1946  62     16       61
  MINIMUM         50    105 AM  23    1881  42      8       41
  AVERAGE         64                        52     12       51

PRECIPITATION (IN)
  YESTERDAY        0.00          1.54 1897   0.13  -0.13     0.07
  MONTH TO DATE    0.00                      0.13  -0.13     0.07
  SINCE MAR 1      3.00                      3.45  -0.45     1.62
  SINCE JAN 1      5.95                      8.09  -2.14     4.77

SNOWFALL (IN)
  YESTERDAY        0.0           0.3  1993   0.0    0.0       T
  MONTH TO DATE    0.0                       0.0    0.0       T
  SINCE MAR 1      0.6                       2.3   -1.7      1.6
  SINCE JUL 1     16.8                      17.3   -0.5     28.8
  SNOW DEPTH       0

DEGREE DAYS
 HEATING
  YESTERDAY        1                        14    -13       14
  MONTH TO DATE    1                        14    -13       14
  SINCE MAR 1    570                       602    -32      704
  SINCE JUL 1   4372                      4200    172     4741

 COOLING
  YESTERDAY        0                         1     -1        0
  MONTH TO DATE    0                         1     -1        0
  SINCE MAR 1      0                         8     -8        0
  SINCE JAN 1      0                         8     -8        0
..................................................................


WIND (MPH)
  HIGHEST WIND SPEED    24   HIGHEST WIND DIRECTION    SE (140)
  HIGHEST GUST SPEED    33   HIGHEST GUST DIRECTION    NW (320)
  AVERAGE WIND SPEED    12.5


SKY COVER
  AVERAGE SKY COVER 0.6


WEATHER CONDITIONS
 THE FOLLOWING WEATHER WAS RECORDED YESTERDAY.
  NO SIGNIFICANT WEATHER WAS OBSERVED.


RELATIVE HUMIDITY (PERCENT)
 HIGHEST    59           100 AM
 LOWEST     22           200 PM
 AVERAGE    41

..........................................................


THE ST. LOUIS CLIMATE NORMALS FOR TODAY
                         NORMAL    RECORD    YEAR
 MAXIMUM TEMPERATURE (F)   63        89      2012
 MINIMUM TEMPERATURE (F)   42        23      1961


SUNRISE AND SUNSET
APRIL  2 2015.........SUNRISE   645 AM CDT   SUNSET   726 PM CDT
APRIL  3 2015.........SUNRISE   644 AM CDT   SUNSET   727 PM CDT


-  INDICATES NEGATIVE NUMBERS.
R  INDICATES RECORD WAS SET OR TIED.
MM INDICATES DATA IS MISSING.
T  INDICATES TRACE AMOUNT.




$$
